{"id":25,"date":"2020-02-26T05:45:45","date_gmt":"2020-02-26T05:45:45","guid":{"rendered":"http:\/\/blogs.sld.cu\/sindromedeguillainbarre\/?page_id=25"},"modified":"2020-11-16T14:37:50","modified_gmt":"2020-11-16T14:37:50","slug":"atencion-al-paciente","status":"publish","type":"page","link":"https:\/\/blogs.sld.cu\/sindromedeguillainbarre\/atencion-al-paciente\/","title":{"rendered":"Causas\/S\u00edntomas"},"content":{"rendered":"<h3><strong>Causas<\/strong><\/h3>\n<p><span style=\"font-size: 12pt\">Se plantea que el SGB, puede aparecer entre 1 y 3 semanas, despu\u00e9s de haber padecido una enfermedad infecciosa de origen viral o bacteriano, que afecte los sistemas respiratorio o gastrointestinal. Ejemplos de enfermedades previas al SGB:<\/span><\/p>\n<ul>\n<li><span style=\"font-size: 12pt\">Sarampi\u00f3n<\/span><\/li>\n<li><span style=\"font-size: 12pt\">Rube\u00f3la<\/span><\/li>\n<li><span style=\"font-size: 12pt\">Varicela-zoster<\/span><\/li>\n<li><span style=\"font-size: 12pt\">Hepatitis<\/span><\/li>\n<li><span style=\"font-size: 12pt\">Influenza A y B<\/span><\/li>\n<li><span style=\"font-size: 12pt\">Algunas enfermedades gastrointestinales<\/span><\/li>\n<li><span style=\"font-size: 12pt\">Neumon\u00eda por micoplasma<\/span><\/li>\n<li><span style=\"font-size: 12pt\">Herpes simple<\/span><\/li>\n<li><span style=\"font-size: 12pt\">Mononucleosis<\/span><\/li>\n<\/ul>\n<p><span style=\"font-size: 12pt\">Tambi\u00e9n puede ocurrir con otras afecciones, tales como:<\/span><\/p>\n<ul>\n<li><span style=\"font-size: 12pt\">Lupus eritematoso sist\u00e9mico<\/span><\/li>\n<li><span style=\"font-size: 12pt\">Enfermedad de Hodgkin<\/span><\/li>\n<li><span style=\"font-size: 12pt\">Despu\u00e9s de una cirug\u00eda<\/span><\/li>\n<\/ul>\n<p><span style=\"font-size: 12pt\">Afecta mensualmente a uno de cada mill\u00f3n de habitantes. Los picos de\u00a0 incidencia se describen entre los 15 y 35 a\u00f1os \u00a0y entre los 50 y 75 a\u00f1os. Puede ocurrir en cualquier estaci\u00f3n del a\u00f1o.<\/span><\/p>\n<p><span style=\"font-size: 12pt\"><a href=\"http:\/\/blogs.sld.cu\/sindromedeguillainbarre\/files\/2020\/02\/SGB-Javier.jpg\"><img loading=\"lazy\" class=\"alignnone wp-image-144 size-large\" src=\"http:\/\/blogs.sld.cu\/sindromedeguillainbarre\/files\/2020\/02\/SGB-Javier-1024x583.jpg\" alt=\"SGB  Javier\" width=\"480\" height=\"273\" srcset=\"https:\/\/blogs.sld.cu\/sindromedeguillainbarre\/files\/2020\/02\/SGB-Javier-1024x583.jpg 1024w, https:\/\/blogs.sld.cu\/sindromedeguillainbarre\/files\/2020\/02\/SGB-Javier-300x171.jpg 300w, https:\/\/blogs.sld.cu\/sindromedeguillainbarre\/files\/2020\/02\/SGB-Javier-250x142.jpg 250w, https:\/\/blogs.sld.cu\/sindromedeguillainbarre\/files\/2020\/02\/SGB-Javier.jpg 1197w\" sizes=\"(max-width: 480px) 100vw, 480px\" \/><\/a><\/span><\/p>\n<h3><span style=\"font-size: 12pt\">S\u00edntomas<br \/>\n<\/span><\/h3>\n<p><span style=\"font-size: 12pt\">El S\u00edndrome de Guillain-Barr\u00e9 SGB da\u00f1a partes de los nervios, como hemos explicado anteriormente. Se afecta la capa de mielina (que recubre los axones, y tambi\u00e9n en formas graves se afectan los axones). Este da\u00f1o a los nervios causa hormigueo, debilidad muscular, p\u00e9rdida del equilibrio y par\u00e1lisis<\/span><\/p>\n<ul>\n<li><span style=\"font-size: 12pt\">Parestesias (hormigueo, ardor) y adormecimiento en manos y pies.<\/span><\/li>\n<li><span style=\"font-size: 12pt\">Debilidad muscular (defecto motor agudo), frecuentemente sim\u00e9trica.<\/span><\/li>\n<li><span style=\"font-size: 12pt\">La afecci\u00f3n motora puede progresar (<span style=\"text-decoration: underline\">par\u00e1lisis ascendente<\/span>).<\/span><\/li>\n<li><span style=\"font-size: 12pt\">Dolores radiculares (ra\u00edces de los nervios)<br \/>\n<\/span><\/li>\n<li><span style=\"font-size: 12pt\">Hipoton\u00eda (bajo tono muscular)<br \/>\n<\/span><\/li>\n<li><span style=\"font-size: 12pt\">Oftalmoparesia<br \/>\n<\/span><\/li>\n<li><span style=\"font-size: 12pt\">Debilidad orofar\u00edngea menos frecuente (IX y X nc)<\/span><\/li>\n<li><span style=\"font-size: 12pt\">Diplej\u00eda facial hasta en un 50% de los casos (VII nc)<\/span><\/li>\n<li><span style=\"font-size: 12pt\">Reflejos disminuidos, pueden estar abolidos<\/span><\/li>\n<li><span style=\"font-size: 12pt\">La par\u00e1lisis puede llegar a la cuadriplejia con par\u00e1lisis respiratoria y bulbar<\/span><\/li>\n<\/ul>\n<p><span style=\"font-size: 12pt\"><strong>Trastornos de la funci\u00f3n vegetativa:<\/strong><\/span><\/p>\n<ul>\n<li><span style=\"font-size: 12pt\">Hipo o hipertensi\u00f3n (Presi\u00f3n baja o alta)<br \/>\n<\/span><\/li>\n<li><span style=\"font-size: 12pt\">Taquicardia (latidos acelerados del coraz\u00f3n)<br \/>\n<\/span><\/li>\n<li><span style=\"font-size: 12pt\">Reflejos vasovagales anormales<\/span><\/li>\n<li><span style=\"font-size: 12pt\">P\u00e9rdida del tono simp\u00e1tico en los bronquios<\/span><\/li>\n<li><span style=\"font-size: 12pt\"><span style=\"font-size: 10pt\"><span style=\"font-size: 12pt\">Hipomotilidad g\u00e1strica e intestinal (Poca mot<\/span>ilidad g\u00e1strica)<\/span><br \/>\n<\/span><\/li>\n<\/ul>\n","protected":false},"excerpt":{"rendered":"<p>Causas Se plantea que el SGB, puede aparecer entre 1 y 3 semanas, despu\u00e9s de haber padecido una enfermedad infecciosa de origen viral o bacteriano, que afecte los sistemas respiratorio o gastrointestinal. Ejemplos de enfermedades previas al SGB: Sarampi\u00f3n Rube\u00f3la Varicela-zoster Hepatitis Influenza A y B Algunas enfermedades gastrointestinales Neumon\u00eda por micoplasma Herpes simple Mononucleosis [&hellip;]<\/p>\n","protected":false},"author":208,"featured_media":0,"parent":0,"menu_order":0,"comment_status":"closed","ping_status":"closed","template":"","meta":[],"_links":{"self":[{"href":"https:\/\/blogs.sld.cu\/sindromedeguillainbarre\/wp-json\/wp\/v2\/pages\/25"}],"collection":[{"href":"https:\/\/blogs.sld.cu\/sindromedeguillainbarre\/wp-json\/wp\/v2\/pages"}],"about":[{"href":"https:\/\/blogs.sld.cu\/sindromedeguillainbarre\/wp-json\/wp\/v2\/types\/page"}],"author":[{"embeddable":true,"href":"https:\/\/blogs.sld.cu\/sindromedeguillainbarre\/wp-json\/wp\/v2\/users\/208"}],"replies":[{"embeddable":true,"href":"https:\/\/blogs.sld.cu\/sindromedeguillainbarre\/wp-json\/wp\/v2\/comments?post=25"}],"version-history":[{"count":28,"href":"https:\/\/blogs.sld.cu\/sindromedeguillainbarre\/wp-json\/wp\/v2\/pages\/25\/revisions"}],"predecessor-version":[{"id":229,"href":"https:\/\/blogs.sld.cu\/sindromedeguillainbarre\/wp-json\/wp\/v2\/pages\/25\/revisions\/229"}],"wp:attachment":[{"href":"https:\/\/blogs.sld.cu\/sindromedeguillainbarre\/wp-json\/wp\/v2\/media?parent=25"}],"curies":[{"name":"wp","href":"https:\/\/api.w.org\/{rel}","templated":true}]}}