{"id":3,"date":"2020-02-24T16:02:10","date_gmt":"2020-02-24T16:02:10","guid":{"rendered":"http:\/\/blogs.sld.cu\/sindromedeguillainbarre\/?page_id=3"},"modified":"2020-04-07T03:23:44","modified_gmt":"2020-04-07T03:23:44","slug":"contacto","status":"publish","type":"page","link":"https:\/\/blogs.sld.cu\/sindromedeguillainbarre\/contacto\/","title":{"rendered":"Contacto"},"content":{"rendered":"<p><a href=\"http:\/\/blogs.sld.cu\/sindromedeguillainbarre\/files\/2020\/02\/javier-S\u00e1nchez.png\"><img loading=\"lazy\" class=\"alignnone  wp-image-72\" src=\"http:\/\/blogs.sld.cu\/sindromedeguillainbarre\/files\/2020\/02\/javier-S\u00e1nchez.png\" alt=\"javier S\u00e1nchez\" width=\"192\" height=\"227\" \/><\/a><\/p>\n<p>Dr. CM Javier V. S\u00e1nchez L\u00f3pez<\/p>\n<p>Especialista de 2do grado en Neurolog\u00eda<\/p>\n<p>Editor del\u00a0 sitio de S\u00edndrome de Guillain-Barr\u00e9<\/p>\n","protected":false},"excerpt":{"rendered":"<p>Dr. CM Javier V. S\u00e1nchez L\u00f3pez Especialista de 2do grado en Neurolog\u00eda Editor del\u00a0 sitio de S\u00edndrome de Guillain-Barr\u00e9<\/p>\n","protected":false},"author":211,"featured_media":0,"parent":0,"menu_order":0,"comment_status":"open","ping_status":"open","template":"","meta":[],"_links":{"self":[{"href":"https:\/\/blogs.sld.cu\/sindromedeguillainbarre\/wp-json\/wp\/v2\/pages\/3"}],"collection":[{"href":"https:\/\/blogs.sld.cu\/sindromedeguillainbarre\/wp-json\/wp\/v2\/pages"}],"about":[{"href":"https:\/\/blogs.sld.cu\/sindromedeguillainbarre\/wp-json\/wp\/v2\/types\/page"}],"author":[{"embeddable":true,"href":"https:\/\/blogs.sld.cu\/sindromedeguillainbarre\/wp-json\/wp\/v2\/users\/211"}],"replies":[{"embeddable":true,"href":"https:\/\/blogs.sld.cu\/sindromedeguillainbarre\/wp-json\/wp\/v2\/comments?post=3"}],"version-history":[{"count":3,"href":"https:\/\/blogs.sld.cu\/sindromedeguillainbarre\/wp-json\/wp\/v2\/pages\/3\/revisions"}],"predecessor-version":[{"id":78,"href":"https:\/\/blogs.sld.cu\/sindromedeguillainbarre\/wp-json\/wp\/v2\/pages\/3\/revisions\/78"}],"wp:attachment":[{"href":"https:\/\/blogs.sld.cu\/sindromedeguillainbarre\/wp-json\/wp\/v2\/media?parent=3"}],"curies":[{"name":"wp","href":"https:\/\/api.w.org\/{rel}","templated":true}]}}

<p><a href="http://blogs.sld.cu/sindromedeguillainbarre/files/2020/02/javier-Sánchez.png"><img loading="lazy" class="alignnone  wp-image-72" src="http://blogs.sld.cu/sindromedeguillainbarre/files/2020/02/javier-Sánchez.png" alt="javier Sánchez" width="192" height="227" /></a></p>
<p>Dr. CM Javier V. Sánchez López</p>
<p>Especialista de 2do grado en Neurología</p>
<p>Editor del  sitio de Síndrome de Guillain-Barré</p>

<p>Dr. CM Javier V. Sánchez López Especialista de 2do grado en Neurología Editor del  sitio de Síndrome de Guillain-Barré</p>
