{"id":38,"date":"2020-02-26T06:57:26","date_gmt":"2020-02-26T06:57:26","guid":{"rendered":"http:\/\/blogs.sld.cu\/sindromedeguillainbarre\/?page_id=38"},"modified":"2020-11-19T11:34:32","modified_gmt":"2020-11-19T11:34:32","slug":"recursos-de-informacion","status":"publish","type":"page","link":"https:\/\/blogs.sld.cu\/sindromedeguillainbarre\/recursos-de-informacion\/","title":{"rendered":"Recursos"},"content":{"rendered":"<p><span style=\"font-size: 12pt\"><strong>Art\u00edculos, entrevistas y materiales sobre el tema<\/strong><\/span><\/p>\n<p><span style=\"font-size: 12pt;font-family: verdana, geneva\"><a href=\"http:\/\/blogs.sld.cu\/sindromedeguillainbarre\/files\/2020\/02\/SGB-Javier.pdf\">Conferencia S\u00edndrome de Guillain-Barr\u00e9JSanchez<\/a><\/span><\/p>\n<p><span style=\"text-decoration: underline;font-family: verdana, geneva\"><a href=\"http:\/\/scielo.sld.cu\/scielo.php?script=sci_arttext&amp;pid=S0138-65572003000200009\">S\u00edndrome de Guillain Barr\u00e9 &#8211; SciELO Cuba &#8211; Infomed<\/a><\/span><\/p>\n<p><span style=\"text-decoration: underline;font-family: verdana, geneva\"><a href=\"https:\/\/www.mayoclinic.org\/es-es\/diseases-conditions\/guillain-barre-syndrome\/symptoms-causes\/syc-20362793\">S\u00edndrome de Guillain-Barr\u00e9 &#8211; S\u00edntomas y causas &#8211; Mayo Clinic<\/a><\/span><\/p>\n<p><span style=\"text-decoration: underline;font-family: verdana, geneva\"><a href=\"https:\/\/medlineplus.gov\/spanish\/ency\/article\/000684.htm\">S\u00edndrome de Guillain-Barr\u00e9: MedlinePlus enciclopedia m\u00e9dica<\/a><\/span><\/p>\n<p><span style=\"text-decoration: underline;font-family: verdana, geneva\"><a href=\"https:\/\/es.wikipedia.org\/wiki\/S%C3%ADndrome_de_Guillain-Barr%C3%A9\">S\u00edndrome de Guillain-Barr\u00e9 &#8211; Wikipedia, la enciclopedia libre<\/a><\/span><\/p>\n<p><span style=\"text-decoration: underline;font-family: verdana, geneva\"><a href=\"https:\/\/www.who.int\/es\/news-room\/fact-sheets\/detail\/guillain-barr%C3%A9-syndrome\">S\u00edndrome de Guillain\u2013Barr\u00e9 &#8211; World Health Organization<\/a><\/span><\/p>\n<p><span style=\"text-decoration: underline;font-family: verdana, geneva\"><a href=\"https:\/\/www.msdmanuals.com\/es\/professional\/trastornos-neurol%C3%B3gicos\/sistema-nervioso-perif%C3%A9rico-y-trastornos-de-la-unidad-motora\/s%C3%ADndrome-de-guillain-barr%C3%A9\">S\u00edndrome de Guillain-Barr\u00e9 (SGB) &#8211; Trastornos neurol\u00f3gicos\u00a0 <\/a><\/span><\/p>\n<p><span style=\"text-decoration: underline;font-family: verdana, geneva\"><a href=\"https:\/\/www.cdc.gov\/zika\/es\/healtheffects\/gbs-qa.html\">El virus del Zika y el S\u00edndrome de Guillain-Barr\u00e9 &#8211; CDC<\/a><\/span><\/p>\n<p><span style=\"text-decoration: underline;font-family: verdana, geneva\"><a href=\"https:\/\/www.aeped.es\/sites\/default\/files\/documentos\/12-guillain.pdf\">S\u00edndrome de Guillain-Barr\u00e9 &#8211; Asociaci\u00f3n Espa\u00f1ola de Pediatr\u00eda<\/a><\/span><\/p>\n<p><span style=\"text-decoration: underline;font-family: verdana, geneva\"><a href=\"https:\/\/theconversation.com\/sindrome-de-guillain-barre-raro-trastorno-neurologico-relacionado-con-covid-19-143308\">S\u00edndrome de Guillain-Barr\u00e9, raro trastorno neurol\u00f3gico &#8230;<\/a><\/span><\/p>\n<p><span style=\"text-decoration: underline;font-family: verdana, geneva\"><a href=\"https:\/\/scielosp.org\/article\/spm\/2019.v61n5\/556-557\/es\/\">S\u00edndrome de Guillain-Barr\u00e9, brote &#8230; &#8211; SciELO &#8211; Sa\u00fade P\u00fablica<\/a><\/span><\/p>\n<p><span style=\"text-decoration: underline;font-family: verdana, geneva\"><a href=\"http:\/\/www.scielo.org.mx\/scielo.php?script=sci_arttext&amp;pid=S0186-48662018000100009\">S\u00edndrome de Guillain-Barr\u00e9: viejos y nuevos conceptos &#8211; SciELO<\/a><\/span><\/p>\n<p><span style=\"font-family: verdana, geneva\"><strong>\u00a0<\/strong><\/span><\/p>\n","protected":false},"excerpt":{"rendered":"<p>Art\u00edculos, entrevistas y materiales sobre el tema Conferencia S\u00edndrome de Guillain-Barr\u00e9JSanchez S\u00edndrome de Guillain Barr\u00e9 &#8211; SciELO Cuba &#8211; Infomed S\u00edndrome de Guillain-Barr\u00e9 &#8211; S\u00edntomas y causas &#8211; Mayo Clinic S\u00edndrome de Guillain-Barr\u00e9: MedlinePlus enciclopedia m\u00e9dica S\u00edndrome de Guillain-Barr\u00e9 &#8211; Wikipedia, la enciclopedia libre S\u00edndrome de Guillain\u2013Barr\u00e9 &#8211; World Health Organization S\u00edndrome de Guillain-Barr\u00e9 (SGB) [&hellip;]<\/p>\n","protected":false},"author":208,"featured_media":0,"parent":0,"menu_order":0,"comment_status":"closed","ping_status":"open","template":"","meta":[],"_links":{"self":[{"href":"https:\/\/blogs.sld.cu\/sindromedeguillainbarre\/wp-json\/wp\/v2\/pages\/38"}],"collection":[{"href":"https:\/\/blogs.sld.cu\/sindromedeguillainbarre\/wp-json\/wp\/v2\/pages"}],"about":[{"href":"https:\/\/blogs.sld.cu\/sindromedeguillainbarre\/wp-json\/wp\/v2\/types\/page"}],"author":[{"embeddable":true,"href":"https:\/\/blogs.sld.cu\/sindromedeguillainbarre\/wp-json\/wp\/v2\/users\/208"}],"replies":[{"embeddable":true,"href":"https:\/\/blogs.sld.cu\/sindromedeguillainbarre\/wp-json\/wp\/v2\/comments?post=38"}],"version-history":[{"count":12,"href":"https:\/\/blogs.sld.cu\/sindromedeguillainbarre\/wp-json\/wp\/v2\/pages\/38\/revisions"}],"predecessor-version":[{"id":244,"href":"https:\/\/blogs.sld.cu\/sindromedeguillainbarre\/wp-json\/wp\/v2\/pages\/38\/revisions\/244"}],"wp:attachment":[{"href":"https:\/\/blogs.sld.cu\/sindromedeguillainbarre\/wp-json\/wp\/v2\/media?parent=38"}],"curies":[{"name":"wp","href":"https:\/\/api.w.org\/{rel}","templated":true}]}}