{"id":24,"date":"2020-04-01T22:09:30","date_gmt":"2020-04-01T22:09:30","guid":{"rendered":"http:\/\/blogs.sld.cu\/sindromevisual\/?page_id=24"},"modified":"2021-05-28T19:35:11","modified_gmt":"2021-05-28T19:35:11","slug":"frecuencia","status":"publish","type":"page","link":"https:\/\/blogs.sld.cu\/sindromevisual\/frecuencia\/","title":{"rendered":"Frecuencia"},"content":{"rendered":"<p><span style=\"color: #62000f\">\u00bfEst\u00e1n preparados nuestros ojos para tanto uso de las pantallas?\u00a0<\/span>Algunos estudios demuestran que entre el 50 % hasta el 90 % de las personas que exponen sus ojos a una pantalla m\u00e1s de 3 horas al d\u00eda tienen molestias visuales.<\/p>\n<p><span style=\"color: #62000f\">\u00bfQu\u00e9 sensaciones experimentan tus ojos cuando est\u00e1n delante de una pantalla?<\/span> Estudios revelan que\u00a0solo 1 de cada 3 personas no tiene\u00a0 molestias.<\/p>\n<p>La era digital se caracteriza por la presencia de ordenadores en todos los \u00e1mbitos de la sociedad. En la actualidad son parte esencial de la vida de muchos trabajadores y estudiantes ya que satisfacen sus necesidades y requerimientos, sin embargo, no todo lo que les rodea es positivo porque su uso prolongado puede derivar en la aparici\u00f3n de problemas de salud.<\/p>\n<p><span style=\"color: #62000f\">Alrededor del mundo, hasta 70 millones de trabajadores corren el riesgo de padecer s\u00edndrome visual inform\u00e1tico y es posible que la cantidad aumente.<\/span><\/p>\n<p>En los \u00faltimos a\u00f1os, los m\u00e9dicos estudian el tratamiento de esta nueva patolog\u00eda que parece\u00a0 extenderse entre los m\u00e1s j\u00f3venes. Picores y fatiga visual son los s\u00edntomas m\u00e1s caracter\u00edsticos del llamado s\u00edndrome del ordenador. Adem\u00e1s los oftalm\u00f3logos admiten que est\u00e1n recibiendo pacientes cada vez m\u00e1s j\u00f3venes con el S\u00edndrome Visual Inform\u00e1tico los cuales se caracterizan por el enrojecimiento, cansancio, sequedad ocular, visi\u00f3n lejana y cercana ocasionalmente borrosa, alteraci\u00f3n cr\u00f3nica y mareos.<\/p>\n<p><span style=\"color: #62000f\">Los expertos coinciden en que una persona que trabaja con la computadora ejecuta por d\u00eda entre 12 mil y 33 mil movimientos de cabeza y ojos, de 4 mil a 17 mil reacciones de las pupilas y 30 mil pulsaciones del teclado. Un esfuerzo demasiado grande, sin duda alguna.<\/span> Es habitual que los oficinistas, por sus habituales en las consultas, presenten problemas de cuello y hombros ya que las exigencias laborales, los teclados que no son ergon\u00f3micos (adaptados al movimiento de las manos), los monitores muy altos y sillas inapropiadas sin duda alguna son las causantes de estas molestias.<\/p>\n<p>Despu\u00e9s de descansar los ojos un rato, el malestar disminuye, pero regresa r\u00e1pidamente cuando vuelve a usar el ordenador. \u201cSi estuviera jugando, lo apagar\u00eda, pero lo necesito para trabajar\u201d (es lo que manifiestan los afectados).<\/p>\n<p>Esta dolencia se da, principalmente, entre las personas que pasan m\u00e1s de ocho horas delante de una computadora. Adem\u00e1s, tiene la particularidad de que s\u00f3lo se dan frente a un monitor. Se muestran a continuaci\u00f3n una relaci\u00f3n de\u00a0 profesionales en riesgo: contadores, arquitectos, banqueros, ingenieros, controladores a\u00e9reos, artistas gr\u00e1ficos, periodistas, acad\u00e9micos, secretarias y estudiantes, quienes \u201cno pueden trabajar sin la ayuda de la computadora\u201d.<\/p>\n<p>&nbsp;<\/p>\n","protected":false},"excerpt":{"rendered":"<p>\u00bfEst\u00e1n preparados nuestros ojos para tanto uso de las pantallas?\u00a0Algunos estudios demuestran que entre el 50 % hasta el 90 % de las personas que exponen sus ojos a una pantalla m\u00e1s de 3 horas al d\u00eda tienen molestias visuales. \u00bfQu\u00e9 sensaciones experimentan tus ojos cuando est\u00e1n delante de una pantalla? Estudios revelan que\u00a0solo 1 [&hellip;]<\/p>\n","protected":false},"author":208,"featured_media":0,"parent":0,"menu_order":0,"comment_status":"closed","ping_status":"closed","template":"","meta":[],"_links":{"self":[{"href":"https:\/\/blogs.sld.cu\/sindromevisual\/wp-json\/wp\/v2\/pages\/24"}],"collection":[{"href":"https:\/\/blogs.sld.cu\/sindromevisual\/wp-json\/wp\/v2\/pages"}],"about":[{"href":"https:\/\/blogs.sld.cu\/sindromevisual\/wp-json\/wp\/v2\/types\/page"}],"author":[{"embeddable":true,"href":"https:\/\/blogs.sld.cu\/sindromevisual\/wp-json\/wp\/v2\/users\/208"}],"replies":[{"embeddable":true,"href":"https:\/\/blogs.sld.cu\/sindromevisual\/wp-json\/wp\/v2\/comments?post=24"}],"version-history":[{"count":9,"href":"https:\/\/blogs.sld.cu\/sindromevisual\/wp-json\/wp\/v2\/pages\/24\/revisions"}],"predecessor-version":[{"id":344,"href":"https:\/\/blogs.sld.cu\/sindromevisual\/wp-json\/wp\/v2\/pages\/24\/revisions\/344"}],"wp:attachment":[{"href":"https:\/\/blogs.sld.cu\/sindromevisual\/wp-json\/wp\/v2\/media?parent=24"}],"curies":[{"name":"wp","href":"https:\/\/api.w.org\/{rel}","templated":true}]}}