{"id":36,"date":"2020-04-01T23:05:29","date_gmt":"2020-04-01T23:05:29","guid":{"rendered":"http:\/\/blogs.sld.cu\/sindromevisual\/?page_id=36"},"modified":"2021-05-28T18:48:13","modified_gmt":"2021-05-28T18:48:13","slug":"signos-y-sintomas","status":"publish","type":"page","link":"https:\/\/blogs.sld.cu\/sindromevisual\/signos-y-sintomas\/","title":{"rendered":"Signos y s\u00edntomas"},"content":{"rendered":"<p>Al trabajar, estudiar o pasar largas horas de ocio frente a un dispositivo electr\u00f3nico, los ojos se pueden afectar a mediano y largo plazo, lo que provoca alteraciones en los mismos, convirti\u00e9ndose en un\u00a0 problema por la demanda visual que exige.<\/p>\n<p><span style=\"color: #62000f\"><strong>\u00bfCu\u00e1les son las partes y estructuras del cuerpo que se afectan cuando trabajamos muchas horas delante de las computadoras y otros dispositivos?<\/strong><\/span><\/p>\n<p>Primero tenemos que tener en cuenta que es una actividad que se realiza sentados (sedentaria) casi siempre durante 8 horas o m\u00e1s. La posici\u00f3n obliga a que\u00a0los m\u00fasculos y articulaciones de las extremidades inferiores est\u00e9n mucho tiempo sin trabajar , se modifica la circulaci\u00f3n de la sangre por la posici\u00f3n de las piernas, lo que en personas con enfermedades cardiovasculares puede traer aparejado acumulaci\u00f3n de l\u00edquido (edema en pies y piernas). Sin embargo, trabajan en exceso las manos y mu\u00f1ecas al utilizar el teclado y el rat\u00f3n o mouse, lo que no se realiza en muchas ocasiones de la forma correcta. Por la postura, que la mayor parte de las veces tampoco es correcta, se afectan los m\u00fasculos de la regi\u00f3n lumbar, de los hombros y el cuello. Adem\u00e1s puede existir tendencia al sobrepeso por el sedentarismo. Se alteran los niveles de insulina, se acumulan gases y seg\u00fan estudios recientes, hay m\u00e1s propensi\u00f3n a enfermedades intestinales.<\/p>\n<p><strong><span style=\"color: #62000f\">Cuando ya se ha desarrollado el s\u00edndrome visual inform\u00e1tico la persona puede experimentar:<\/span><\/strong><\/p>\n<ul>\n<li>Visi\u00f3n borrosa o doble<\/li>\n<li>Fatiga ocular<\/li>\n<li>Sensibilidad a la luz intensa<\/li>\n<li>Lagrimeo<\/li>\n<li>Sequedad en los ojos<\/li>\n<li>Enrojecimiento en los ojos<\/li>\n<li>Rigidez<\/li>\n<li>Dolores musculares y articulares<\/li>\n<li>Picor e hinchaz\u00f3n facial<\/li>\n<li>Cefaleas y migra\u00f1a<\/li>\n<li>N\u00e1useas, mareos y v\u00e9rtigos.<\/li>\n<\/ul>\n<p>A continuaci\u00f3n clasificaremos y explicaremos los signos y s\u00edntomas.<\/p>\n<p><span style=\"color: #62000f\">De Astenop\u00eda:<\/span><\/p>\n<p>Refractivos y de acomodaci\u00f3n<\/p>\n<ul>\n<li>Fatiga visual, es una molestia frecuente asociado al prolongado trabajo visual de cerca o a la lectura. Deben eliminarse los errores refractivos, la presbicia en los per\u00edodos in\u00edciales, la iluminaci\u00f3n inadecuada.<\/li>\n<li>Cefalea o dolor de cabeza, se debe s\u00f3lo ocasionalmente a trastornos oculares. Generalmente presenta las mismas causas que la fatiga ocular.<\/li>\n<li>Ardor ocular, se debe a un mal parpadeo o exceso de fijaci\u00f3n visual, especialmente cuando el ambiente de trabajo es demasiado seco usualmente por el aire acondicionado que tiende a evaporar m\u00e1s la pel\u00edcula lagrimal.<\/li>\n<li>Fotofobia: Los pacientes que usan la computadora normalmente mantienen un \u00e1ngulo de mirada sobre la pantalla m\u00e1s alto que otras tareas del escritorio, es por eso que manifiestan un doble deslumbramiento molesto provocado por fuentes de luz perif\u00e9rica.<\/li>\n<\/ul>\n<p><span style=\"color: #62000f\">Oculares:<\/span><\/p>\n<ul>\n<li>Ojo seco: es cuando el paciente parpadea menos al poner atenci\u00f3n en la pantalla, por lo que la superficie ocular est\u00e1 m\u00e1s expuesta a resecarse por las corrientes de aire. Adem\u00e1s puede causar visi\u00f3n borrosa intermitente sobre todo en pacientes con lentes de contacto, pues al deshidratarse la superficie de la c\u00f3rnea o de la lente se pierde calidad de visi\u00f3n. El parpadeo elimina la borrosidad aunque con el paso de las horas es cada vez menos duradero su efecto beneficioso. Estas personas suelen quejarse de ojos irritados y enrojecidos con sensaci\u00f3n de quemaz\u00f3n y cuerpos extra\u00f1os.<\/li>\n<li>Ojo rojo: este signo se observa con mayor frecuencia en personas que presentan conjuntivitis cr\u00f3nica, ping\u00fc\u00e9cula y pterigi\u00f3n, estas \u00faltimas conocidas popularmente como carnosidades o nubes.<\/li>\n<li>Ojo h\u00famedo: la carga electroest\u00e1tica de las pantallas atrae polvo, esto puede generar alergias oculares y por lo tanto humedecer el ojo.<\/li>\n<\/ul>\n<p style=\"text-align: right\"><a href=\"https:\/\/blogs.sld.cu\/sindromevisual\/visuales\/\">Continuaci\u00f3n&#8230;<\/a><\/p>\n","protected":false},"excerpt":{"rendered":"<p>Al trabajar, estudiar o pasar largas horas de ocio frente a un dispositivo electr\u00f3nico, los ojos se pueden afectar a mediano y largo plazo, lo que provoca alteraciones en los mismos, convirti\u00e9ndose en un\u00a0 problema por la demanda visual que exige. \u00bfCu\u00e1les son las partes y estructuras del cuerpo que se afectan cuando trabajamos muchas [&hellip;]<\/p>\n","protected":false},"author":208,"featured_media":0,"parent":0,"menu_order":0,"comment_status":"closed","ping_status":"closed","template":"","meta":[],"_links":{"self":[{"href":"https:\/\/blogs.sld.cu\/sindromevisual\/wp-json\/wp\/v2\/pages\/36"}],"collection":[{"href":"https:\/\/blogs.sld.cu\/sindromevisual\/wp-json\/wp\/v2\/pages"}],"about":[{"href":"https:\/\/blogs.sld.cu\/sindromevisual\/wp-json\/wp\/v2\/types\/page"}],"author":[{"embeddable":true,"href":"https:\/\/blogs.sld.cu\/sindromevisual\/wp-json\/wp\/v2\/users\/208"}],"replies":[{"embeddable":true,"href":"https:\/\/blogs.sld.cu\/sindromevisual\/wp-json\/wp\/v2\/comments?post=36"}],"version-history":[{"count":24,"href":"https:\/\/blogs.sld.cu\/sindromevisual\/wp-json\/wp\/v2\/pages\/36\/revisions"}],"predecessor-version":[{"id":340,"href":"https:\/\/blogs.sld.cu\/sindromevisual\/wp-json\/wp\/v2\/pages\/36\/revisions\/340"}],"wp:attachment":[{"href":"https:\/\/blogs.sld.cu\/sindromevisual\/wp-json\/wp\/v2\/media?parent=36"}],"curies":[{"name":"wp","href":"https:\/\/api.w.org\/{rel}","templated":true}]}}