{"id":38,"date":"2020-04-01T23:06:23","date_gmt":"2020-04-01T23:06:23","guid":{"rendered":"http:\/\/blogs.sld.cu\/sindromevisual\/?page_id=38"},"modified":"2021-05-28T18:36:08","modified_gmt":"2021-05-28T18:36:08","slug":"visuales","status":"publish","type":"page","link":"https:\/\/blogs.sld.cu\/sindromevisual\/visuales\/","title":{"rendered":""},"content":{"rendered":"<p><span style=\"font-size: 12pt\"><a href=\"http:\/\/blogs.sld.cu\/sindromevisual\/files\/2020\/04\/ojo.jpg\"><img loading=\"lazy\" class=\"  wp-image-336 aligncenter\" src=\"http:\/\/blogs.sld.cu\/sindromevisual\/files\/2020\/04\/ojo.jpg\" alt=\"ojo\" width=\"368\" height=\"246\" srcset=\"https:\/\/blogs.sld.cu\/sindromevisual\/files\/2020\/04\/ojo.jpg 959w, https:\/\/blogs.sld.cu\/sindromevisual\/files\/2020\/04\/ojo-300x200.jpg 300w, https:\/\/blogs.sld.cu\/sindromevisual\/files\/2020\/04\/ojo-250x167.jpg 250w\" sizes=\"(max-width: 368px) 100vw, 368px\" \/><\/a><\/span><strong><span style=\"color: #62000f\">Visuales<\/span><\/strong><\/p>\n<p>Los s\u00edntomas visuales que generalmente presenta el usuario del ordenador son:<\/p>\n<ul>\n<li>Visi\u00f3n borrosa: el exceso de trabajo puede inducir a la fatiga visual, aun cuando la persona no presente defectos visuales. Existe adem\u00e1s una serie de condiciones visuales como la Hipermetrop\u00eda, el Astigmatismo y los trastornos de acomodaci\u00f3n. Las cu\u00e1les exigen el uso de una correcci\u00f3n \u00f3ptica, para evitar la manifestaci\u00f3n de problemas. (Un dise\u00f1o de gafas inadecuadas a la hora de compensar la presbicia puede resultar la visi\u00f3n borrosa de cerca. Esto ocurre sobre todo con lentes progresivas y a veces con bifocales cuya zona de visi\u00f3n cercana no coincide con la direcci\u00f3n de mirada que el paciente requiere para el ordenador, o bien cuando la cantidad de adici\u00f3n no se ajusta a la distancia de trabajo)<\/li>\n<li>Mala focalizaci\u00f3n: con frecuencia se observa en personas pr\u00e9sbitas mayores de 38 y 40 a\u00f1os, que es cuando el cristalino va perdiendo su elasticidad y con ello su habilidad de cambiar su forma durante el mecanismo de acomodaci\u00f3n. Los trabajadores pr\u00e9sbitas con frecuencia tienen problemas especiales con el monitor, debido a la prescripci\u00f3n \u00f3ptica y las gafas que utilizan, que no son v\u00e1lidas al trabajar frente al equipo.<\/li>\n<li>Diplopia: es una condici\u00f3n donde la visi\u00f3n es doble y se presenta por un desequilibrio muscular o par\u00e1lisis de los mismos.<\/li>\n<li>(Polopia) Doble imagen: ocurre cuando hay opacidades de los medios como las cataratas y errores refractivos no corregidos (astigmatismos)<\/li>\n<\/ul>\n<p><span style=\"color: #62000f\"><strong>\u00a0S\u00edntomas \u00d3seo-Musculares<\/strong> <\/span><\/p>\n<p>Se engloban en dolor de espalda, hombros, cuello, mu\u00f1ecas y manos. Se producen al adoptar una postura inadecuada o demasiado r\u00edgida durante largos per\u00edodos de tiempo. El cuerpo puede adoptar posturas que permitan a los ojos realizar el trabajo de una forma m\u00e1s eficiente y confortable pero a costa de posturas forzadas que provocan problemas en el sistema \u00f3seo-muscular.<\/p>\n<p>En algunas ocasiones la postura forzada se produce por un dise\u00f1o incorrecto de gafas\u00a0 para la distancia y direcci\u00f3n de trabajo, como ocurre en algunos bifocales y progresivos. En otros casos la incomitancia, sobre todo en peque\u00f1as desviaciones verticales, puede provocar posturas an\u00f3malas esqueleto-musculares, y una mala distribuci\u00f3n en el puesto de trabajo puede tambi\u00e9n dar lugar a este tipo de s\u00edntomas.<\/p>\n<p>La influencia de los ordenadores sobre la vista de quien los maneja asiduamente es bastante alta. De hecho, existen pantallas que emiten radiaciones ultravioletas, infrarrojas y electromagn\u00e9ticas. Se corresponden con aquellos monitores que funcionan con tubo cat\u00f3dico. En su momento, \u00e9stas eran las m\u00e1s numerosas. La forma de protegerse contra ellas era mediante el uso de los filtros de monitor. En la actualidad, est\u00e1n los monitores l\u00edquidos, aunque tienen el inconveniente de que no son n\u00edtidas completamente.<\/p>\n<p>Todos los estudios biom\u00e9tricos efectuados hasta la fecha, no han demostrado que exista riesgo para la salud a causa de radiaciones ionizantes o no ionizantes emitidas por las pantallas de las computadoras.<\/p>\n","protected":false},"excerpt":{"rendered":"<p>Visuales Los s\u00edntomas visuales que generalmente presenta el usuario del ordenador son: Visi\u00f3n borrosa: el exceso de trabajo puede inducir a la fatiga visual, aun cuando la persona no presente defectos visuales. Existe adem\u00e1s una serie de condiciones visuales como la Hipermetrop\u00eda, el Astigmatismo y los trastornos de acomodaci\u00f3n. Las cu\u00e1les exigen el uso de [&hellip;]<\/p>\n","protected":false},"author":208,"featured_media":0,"parent":0,"menu_order":0,"comment_status":"closed","ping_status":"closed","template":"","meta":[],"_links":{"self":[{"href":"https:\/\/blogs.sld.cu\/sindromevisual\/wp-json\/wp\/v2\/pages\/38"}],"collection":[{"href":"https:\/\/blogs.sld.cu\/sindromevisual\/wp-json\/wp\/v2\/pages"}],"about":[{"href":"https:\/\/blogs.sld.cu\/sindromevisual\/wp-json\/wp\/v2\/types\/page"}],"author":[{"embeddable":true,"href":"https:\/\/blogs.sld.cu\/sindromevisual\/wp-json\/wp\/v2\/users\/208"}],"replies":[{"embeddable":true,"href":"https:\/\/blogs.sld.cu\/sindromevisual\/wp-json\/wp\/v2\/comments?post=38"}],"version-history":[{"count":13,"href":"https:\/\/blogs.sld.cu\/sindromevisual\/wp-json\/wp\/v2\/pages\/38\/revisions"}],"predecessor-version":[{"id":337,"href":"https:\/\/blogs.sld.cu\/sindromevisual\/wp-json\/wp\/v2\/pages\/38\/revisions\/337"}],"wp:attachment":[{"href":"https:\/\/blogs.sld.cu\/sindromevisual\/wp-json\/wp\/v2\/media?parent=38"}],"curies":[{"name":"wp","href":"https:\/\/api.w.org\/{rel}","templated":true}]}}