{"id":18,"date":"2021-02-27T04:42:13","date_gmt":"2021-02-27T04:42:13","guid":{"rendered":"http:\/\/blogs.sld.cu\/sinusitis\/?page_id=18"},"modified":"2021-05-30T19:30:50","modified_gmt":"2021-05-30T19:30:50","slug":"causassintomas","status":"publish","type":"page","link":"https:\/\/blogs.sld.cu\/sinusitis\/causassintomas\/","title":{"rendered":"Causas\/S\u00edntomas"},"content":{"rendered":"<p style=\"text-align: justify;\"><span style=\"font-family: verdana, geneva; font-size: 12pt;\"><a href=\"http:\/\/blogs.sld.cu\/sinusitis\/files\/2021\/02\/649703.jpg\"><img loading=\"lazy\" class=\"  wp-image-86 alignleft\" src=\"http:\/\/blogs.sld.cu\/sinusitis\/files\/2021\/02\/649703-300x169.jpg\" alt=\"649703\" width=\"234\" height=\"132\" srcset=\"https:\/\/blogs.sld.cu\/sinusitis\/files\/2021\/02\/649703-300x169.jpg 300w, https:\/\/blogs.sld.cu\/sinusitis\/files\/2021\/02\/649703-250x141.jpg 250w, https:\/\/blogs.sld.cu\/sinusitis\/files\/2021\/02\/649703.jpg 656w\" sizes=\"(max-width: 234px) 100vw, 234px\" \/><\/a><\/span><\/p>\n<p style=\"text-align: justify;\"><span style=\"font-family: verdana, geneva; font-size: 10pt;\">Las <strong>causas<\/strong> principales de esta enfermedad son las\u00a0<strong>infecciones <\/strong>virales (m\u00e1s frecuentes), bacterianas y f\u00fangicas (por hongos). Otras de las causas que se plantean son las relacionadas con los mecanismos inflamatorios y del sistema inmunol\u00f3gico del\u00a0 paciente, existiendo tambi\u00e9n factores predisponentes que influyen en esta, tales como:<\/span><\/p>\n<p><span style=\"font-family: verdana, geneva; font-size: 10pt;\">\u2022 Variaciones clim\u00e1ticas: las estaciones m\u00e1s fr\u00edas y el aumento de la humedad predisponen a padecer sinusitis.<\/span><\/p>\n<p><span style=\"font-family: verdana, geneva; font-size: 10pt;\">\u2022\u00a0Tabaco: Tanto ser fumador activo como estar expuesto a su humo es un factor predisponente en esta patolog\u00eda.<\/span><\/p>\n<p><span style=\"font-family: verdana, geneva; font-size: 10pt;\">\u2022\u00a0Exposiciones ambientales o laborales a la contaminaci\u00f3n.<\/span><\/p>\n<p><span style=\"font-family: verdana, geneva; font-size: 10pt;\">\u2022 Variaciones anat\u00f3micas individuales (desviaciones septales y del tabique nasal, la presencia de p\u00f3lipos nasales.<\/span><\/p>\n<p><span style=\"font-family: verdana, geneva; font-size: 10pt;\">\u2022 Alergias: est\u00e1 demostrada la incidencia de sinusitis cr\u00f3nica, junto con el\u00a0<strong>asma<\/strong>.<\/span><\/p>\n<p><span style=\"font-family: verdana, geneva; font-size: 10pt;\">\u2022 Enfermedades asociadas: alteraciones del aclaramiento mucociliar (los cilios o vellos que se sit\u00faan en el interior de las aberturas paranasales no logran sacar el moco debido a alguna afecci\u00f3n),\u00a0<strong>fibrosis qu\u00edstica<\/strong>,\u00a0<strong>vasculitis<\/strong>.<\/span><\/p>\n<p><span style=\"font-family: verdana, geneva; font-size: 10pt;\">\u2022 Tener un sistema inmunol\u00f3gico d\u00e9bil,\u00a0el\u00a0<strong>virus de la inmunodeficiencia humana (VIH)<\/strong>\u00a0o a tratamientos como la\u00a0<strong>quimioterapia<\/strong>.<\/span><\/p>\n<p><span style=\"font-family: verdana, geneva; font-size: 10pt;\">\u2022 Hipertrofia de\u00a0adenoides.<\/span><\/p>\n<p><span style=\"font-family: verdana, geneva; font-size: 12pt;\">\u2022 Exposici\u00f3n\u00a0a fuerzas\u00a0de gravedad y la presi\u00f3n: volar, bucear, monta\u00f1ismo, etc\u00e9tera.<\/span><\/p>\n<p><span style=\"font-size: 12pt; font-family: verdana, geneva; color: #1961a9;\">\u00bfCu\u00e1les son sus s\u00edntomas?<\/span><\/p>\n<p><span style=\"font-size: 12pt; font-family: verdana, geneva;\">Dentro de los <strong>s\u00edntomas<\/strong> que\u00a0 a menudo aparecen:<\/span><\/p>\n<p><span style=\"font-size: 12pt; font-family: verdana, geneva;\">\u2022 Secreci\u00f3n espesa, amarilla o verdosa por la nariz o por la parte posterior de la garganta (drenaje posnasal)<\/span><\/p>\n<p><span style=\"font-size: 12pt; font-family: verdana, geneva;\">\u2022 Obstrucci\u00f3n o congesti\u00f3n nasal, que dificulta la respiraci\u00f3n por la nariz<\/span><\/p>\n<p><span style=\"font-size: 12pt; font-family: verdana, geneva;\">\u2022 Dolor, sensibilidad, hinchaz\u00f3n y presi\u00f3n alrededor de los ojos, mejillas, nariz o frente que empeora al\u00a0inclinarse hacia adelante.<\/span><\/p>\n<p><span style=\"font-size: 12pt; font-family: verdana, geneva;\">Estos son otros signos y s\u00edntomas son:<\/span><\/p>\n<p><span style=\"font-size: 12pt; font-family: verdana, geneva;\">\u2022 Presi\u00f3n en el o\u00eddo<\/span><\/p>\n<p><span style=\"font-size: 12pt; font-family: verdana, geneva;\">\u2022 Dolor de cabeza (cefalea)<\/span><\/p>\n<p><span style=\"font-size: 12pt; font-family: verdana, geneva;\">\u2022 Dolor en los dientes<\/span><\/p>\n<p><span style=\"font-size: 12pt; font-family: verdana, geneva;\">\u2022 Sentido del olfato alterado (cacosmia)<\/span><\/p>\n<p><span style=\"font-size: 12pt; font-family: verdana, geneva;\">\u2022 Toser<\/span><\/p>\n<p><span style=\"font-size: 12pt; font-family: verdana, geneva;\">\u2022 Mal aliento (halitosis)<\/span><\/p>\n<p><span style=\"font-size: 12pt; font-family: verdana, geneva;\">\u2022 Fatiga<\/span><\/p>\n<p><span style=\"font-size: 12pt; font-family: verdana, geneva;\">\u2022 Fiebre<\/span><\/p>\n<p style=\"text-align: justify;\">\n","protected":false},"excerpt":{"rendered":"<p>Las causas principales de esta enfermedad son las\u00a0infecciones virales (m\u00e1s frecuentes), bacterianas y f\u00fangicas (por hongos). Otras de las causas que se plantean son las relacionadas con los mecanismos inflamatorios y del sistema inmunol\u00f3gico del\u00a0 paciente, existiendo tambi\u00e9n factores predisponentes que influyen en esta, tales como: \u2022 Variaciones clim\u00e1ticas: las estaciones m\u00e1s fr\u00edas y el [&hellip;]<\/p>\n","protected":false},"author":208,"featured_media":0,"parent":0,"menu_order":0,"comment_status":"closed","ping_status":"open","template":"","meta":[],"_links":{"self":[{"href":"https:\/\/blogs.sld.cu\/sinusitis\/wp-json\/wp\/v2\/pages\/18"}],"collection":[{"href":"https:\/\/blogs.sld.cu\/sinusitis\/wp-json\/wp\/v2\/pages"}],"about":[{"href":"https:\/\/blogs.sld.cu\/sinusitis\/wp-json\/wp\/v2\/types\/page"}],"author":[{"embeddable":true,"href":"https:\/\/blogs.sld.cu\/sinusitis\/wp-json\/wp\/v2\/users\/208"}],"replies":[{"embeddable":true,"href":"https:\/\/blogs.sld.cu\/sinusitis\/wp-json\/wp\/v2\/comments?post=18"}],"version-history":[{"count":13,"href":"https:\/\/blogs.sld.cu\/sinusitis\/wp-json\/wp\/v2\/pages\/18\/revisions"}],"predecessor-version":[{"id":143,"href":"https:\/\/blogs.sld.cu\/sinusitis\/wp-json\/wp\/v2\/pages\/18\/revisions\/143"}],"wp:attachment":[{"href":"https:\/\/blogs.sld.cu\/sinusitis\/wp-json\/wp\/v2\/media?parent=18"}],"curies":[{"name":"wp","href":"https:\/\/api.w.org\/{rel}","templated":true}]}}

Causas/Síntomas

<p style="text-align: justify;"><span style="font-family: verdana, geneva; font-size: 12pt;"><a href="http://blogs.sld.cu/sinusitis/files/2021/02/649703.jpg"><img loading="lazy" class="  wp-image-86 alignleft" src="http://blogs.sld.cu/sinusitis/files/2021/02/649703-300x169.jpg" alt="649703" width="234" height="132" srcset="https://blogs.sld.cu/sinusitis/files/2021/02/649703-300x169.jpg 300w, https://blogs.sld.cu/sinusitis/files/2021/02/649703-250x141.jpg 250w, https://blogs.sld.cu/sinusitis/files/2021/02/649703.jpg 656w" sizes="(max-width: 234px) 100vw, 234px" /></a></span></p>
<p style="text-align: justify;"><span style="font-family: verdana, geneva; font-size: 10pt;">Las <strong>causas</strong> principales de esta enfermedad son las <strong>infecciones </strong>virales (más frecuentes), bacterianas y fúngicas (por hongos). Otras de las causas que se plantean son las relacionadas con los mecanismos inflamatorios y del sistema inmunológico del  paciente, existiendo también factores predisponentes que influyen en esta, tales como:</span></p>
<p><span style="font-family: verdana, geneva; font-size: 10pt;">• Variaciones climáticas: las estaciones más frías y el aumento de la humedad predisponen a padecer sinusitis.</span></p>
<p><span style="font-family: verdana, geneva; font-size: 10pt;">• Tabaco: Tanto ser fumador activo como estar expuesto a su humo es un factor predisponente en esta patología.</span></p>
<p><span style="font-family: verdana, geneva; font-size: 10pt;">• Exposiciones ambientales o laborales a la contaminación.</span></p>
<p><span style="font-family: verdana, geneva; font-size: 10pt;">• Variaciones anatómicas individuales (desviaciones septales y del tabique nasal, la presencia de pólipos nasales.</span></p>
<p><span style="font-family: verdana, geneva; font-size: 10pt;">• Alergias: está demostrada la incidencia de sinusitis crónica, junto con el <strong>asma</strong>.</span></p>
<p><span style="font-family: verdana, geneva; font-size: 10pt;">• Enfermedades asociadas: alteraciones del aclaramiento mucociliar (los cilios o vellos que se sitúan en el interior de las aberturas paranasales no logran sacar el moco debido a alguna afección), <strong>fibrosis quística</strong>, <strong>vasculitis</strong>.</span></p>
<p><span style="font-family: verdana, geneva; font-size: 10pt;">• Tener un sistema inmunológico débil, el <strong>virus de la inmunodeficiencia humana (VIH)</strong> o a tratamientos como la <strong>quimioterapia</strong>.</span></p>
<p><span style="font-family: verdana, geneva; font-size: 10pt;">• Hipertrofia de adenoides.</span></p>
<p><span style="font-family: verdana, geneva; font-size: 12pt;">• Exposición a fuerzas de gravedad y la presión: volar, bucear, montañismo, etcétera.</span></p>
<p><span style="font-size: 12pt; font-family: verdana, geneva; color: #1961a9;">¿Cuáles son sus síntomas?</span></p>
<p><span style="font-size: 12pt; font-family: verdana, geneva;">Dentro de los <strong>síntomas</strong> que  a menudo aparecen:</span></p>
<p><span style="font-size: 12pt; font-family: verdana, geneva;">• Secreción espesa, amarilla o verdosa por la nariz o por la parte posterior de la garganta (drenaje posnasal)</span></p>
<p><span style="font-size: 12pt; font-family: verdana, geneva;">• Obstrucción o congestión nasal, que dificulta la respiración por la nariz</span></p>
<p><span style="font-size: 12pt; font-family: verdana, geneva;">• Dolor, sensibilidad, hinchazón y presión alrededor de los ojos, mejillas, nariz o frente que empeora al inclinarse hacia adelante.</span></p>
<p><span style="font-size: 12pt; font-family: verdana, geneva;">Estos son otros signos y síntomas son:</span></p>
<p><span style="font-size: 12pt; font-family: verdana, geneva;">• Presión en el oído</span></p>
<p><span style="font-size: 12pt; font-family: verdana, geneva;">• Dolor de cabeza (cefalea)</span></p>
<p><span style="font-size: 12pt; font-family: verdana, geneva;">• Dolor en los dientes</span></p>
<p><span style="font-size: 12pt; font-family: verdana, geneva;">• Sentido del olfato alterado (cacosmia)</span></p>
<p><span style="font-size: 12pt; font-family: verdana, geneva;">• Toser</span></p>
<p><span style="font-size: 12pt; font-family: verdana, geneva;">• Mal aliento (halitosis)</span></p>
<p><span style="font-size: 12pt; font-family: verdana, geneva;">• Fatiga</span></p>
<p><span style="font-size: 12pt; font-family: verdana, geneva;">• Fiebre</span></p>
<p style="text-align: justify;">

<p>Las causas principales de esta enfermedad son las infecciones virales (más frecuentes), bacterianas y fúngicas (por hongos). Otras de las causas que se plantean son las relacionadas con los mecanismos inflamatorios y del sistema inmunológico del  paciente, existiendo también factores predisponentes que influyen en esta, tales como: • Variaciones climáticas: las estaciones más frías y el [&hellip;]</p>
