{"id":53,"date":"2021-04-20T01:17:15","date_gmt":"2021-04-20T01:17:15","guid":{"rendered":"http:\/\/blogs.sld.cu\/tabaquismo\/?page_id=53"},"modified":"2021-12-03T17:57:46","modified_gmt":"2021-12-03T17:57:46","slug":"preguntas-frecuentes","status":"publish","type":"page","link":"https:\/\/blogs.sld.cu\/tabaquismo\/preguntas-frecuentes\/","title":{"rendered":"Preguntas frecuentes"},"content":{"rendered":"<p><span style=\"font-size: 12pt; font-family: verdana, geneva;\">Sobre Tabaquismo<\/span><\/p>\n<ol>\n<li><strong>\u00bfEs cierto que el tabaco es menos da\u00f1ino que el cigarro?<\/strong><\/li>\n<li><\/li>\n<\/ol>\n<p>Tanto el tabaco como los cigarrillos contienen nicotina por lo que son adictivos. Al cigarro se le suman adem\u00e0s todas las sustancias que tiene el papel y por tanto su combusti\u00f3n.<\/p>\n<p><strong>\u00a0<\/strong><\/p>\n<p>&nbsp;<\/p>\n<p><strong>\u00bfQu\u00e9 son los cigarrillos electr\u00f3nicos?<\/strong><\/p>\n<p>&nbsp;<\/p>\n<p>Los cigarrillos electr\u00f3nicos son conocidos por muchos nombres diferentes, incluyendo e-cigs, sistemas electr\u00f3nicos dise\u00f1ados para suministrar nicotina (ENDS), sistemas alternativos para suministrar nicotina (ANDS),\u00a0 cigarrillos electr\u00f3nicos tipo bol\u00edgrafo, vaporizadores, dispositivos de vapeo y sistemas de tanques.<\/p>\n<p>Los cigarrillos electr\u00f3nicos est\u00e1n disponibles en muchas formas y tama\u00f1os. Los cigarrillos electr\u00f3nicos pueden lucir como cigarrillos, cigarros (puros), pipas, bol\u00edgrafos, dispositivos de memoria USB o puede que est\u00e9n disponibles en otras presentaciones.<\/p>\n<p>&nbsp;<\/p>\n<p>Estos dispositivos incluyen una bater\u00eda para la activaci\u00f3n del mismo, una fuente de calor que calienta un l\u00edquido para convertirlo en un aerosol de part\u00edculas diminutas (a veces referido como \u201cvapor\u201d), un cartucho o dep\u00f3sito que contiene el l\u00edquido, y una boquilla o abertura utilizada para inhalar el aerosol.<\/p>\n<p>&nbsp;<\/p>\n<p>Los cigarrillos electr\u00f3nicos no contienen tabaco, pero muchos de ellos contienen nicotina, la cual se origina del tabaco. Debido a esto, la Administraci\u00f3n de Alimentos y Medicamentos (FDA) de los EE.UU. los clasifica como \u201cproductos de tabaco\u201d<\/p>\n<p>\u00bfQu\u00e9 es vapear o vaping?<\/p>\n<p>&nbsp;<\/p>\n","protected":false},"excerpt":{"rendered":"<p>Sobre Tabaquismo \u00bfEs cierto que el tabaco es menos da\u00f1ino que el cigarro? Tanto el tabaco como los cigarrillos contienen nicotina por lo que son adictivos. Al cigarro se le suman adem\u00e0s todas las sustancias que tiene el papel y por tanto su combusti\u00f3n. \u00a0 &nbsp; \u00bfQu\u00e9 son los cigarrillos electr\u00f3nicos? &nbsp; Los cigarrillos electr\u00f3nicos [&hellip;]<\/p>\n","protected":false},"author":208,"featured_media":0,"parent":0,"menu_order":0,"comment_status":"closed","ping_status":"open","template":"","meta":[],"_links":{"self":[{"href":"https:\/\/blogs.sld.cu\/tabaquismo\/wp-json\/wp\/v2\/pages\/53"}],"collection":[{"href":"https:\/\/blogs.sld.cu\/tabaquismo\/wp-json\/wp\/v2\/pages"}],"about":[{"href":"https:\/\/blogs.sld.cu\/tabaquismo\/wp-json\/wp\/v2\/types\/page"}],"author":[{"embeddable":true,"href":"https:\/\/blogs.sld.cu\/tabaquismo\/wp-json\/wp\/v2\/users\/208"}],"replies":[{"embeddable":true,"href":"https:\/\/blogs.sld.cu\/tabaquismo\/wp-json\/wp\/v2\/comments?post=53"}],"version-history":[{"count":7,"href":"https:\/\/blogs.sld.cu\/tabaquismo\/wp-json\/wp\/v2\/pages\/53\/revisions"}],"predecessor-version":[{"id":149,"href":"https:\/\/blogs.sld.cu\/tabaquismo\/wp-json\/wp\/v2\/pages\/53\/revisions\/149"}],"wp:attachment":[{"href":"https:\/\/blogs.sld.cu\/tabaquismo\/wp-json\/wp\/v2\/media?parent=53"}],"curies":[{"name":"wp","href":"https:\/\/api.w.org\/{rel}","templated":true}]}}