{"id":539,"date":"2013-03-13T14:37:51","date_gmt":"2013-03-13T19:37:51","guid":{"rendered":"http:\/\/blogviejo.sld.cu\/taiz\/?page_id=539"},"modified":"2017-02-13T17:07:35","modified_gmt":"2017-02-13T17:07:35","slug":"mas-herramientas","status":"publish","type":"page","link":"https:\/\/blogs.sld.cu\/taiz\/mas-herramientas\/","title":{"rendered":"Herramientas web"},"content":{"rendered":"<p style=\"text-align: justify\"><strong><a href=\"http:\/\/linktally.com\/\" target=\"_blank\">Linktally<\/a>: <\/strong>utilidad web para medir el alcance de una URL en varios de los canales de comunicaci\u00f3n online m\u00e1s importantes. Simplemente escribe\u00a0la URL que te interese rastrear y selecciona <em>Tally <\/em>para que de forma autom\u00e1tica esta herramienta genere un resumen de las veces que ha sido compartida en Google+, Facebook, LinkedIn y Twitter. Permite adem\u00e1s y de forma opcional enviar el informe que se genera a nuestra direcci\u00f3n de correo electr\u00f3nico. Atenci\u00f3n: no tiene en cuenta las veces que el enlace ha sido compartido de manera acortada.<\/p>\n<p style=\"text-align: justify\"><strong><a href=\"https:\/\/archive.org\/web\/\" target=\"_blank\">Internet Archive<\/a><\/strong>: es un sitio creado para evitar que desaparezca la historia de Internet y de los contenidos digitales que alberga. En colaboraci\u00f3n con instituciones como la Biblioteca del Congreso y el Smithsonian, el equipo que lo mantiene trabaja para preservar un registro de esos recursos para las generaciones venideras. Si necesita ver versiones antiguas de alg\u00fan sitio web (siempre que est\u00e9 incluido en el Archivo) basta con teclear el url en el buscador del sitio (<em>waybackmachine<\/em>) y ver\u00e1 las capturas del mismo realizadas en diferentes momentos de su historia.<\/p>\n","protected":false},"excerpt":{"rendered":"<p>Linktally: utilidad web para medir el alcance de una URL en varios de los canales de comunicaci\u00f3n online m\u00e1s importantes. Simplemente escribe\u00a0la URL que te interese rastrear y selecciona Tally para que de forma autom\u00e1tica esta herramienta genere un resumen de las veces que ha sido compartida en Google+, Facebook, LinkedIn y Twitter. Permite adem\u00e1s [&hellip;]<\/p>\n","protected":false},"author":122,"featured_media":0,"parent":0,"menu_order":4,"comment_status":"closed","ping_status":"closed","template":"monocolumn.php","meta":[],"_links":{"self":[{"href":"https:\/\/blogs.sld.cu\/taiz\/wp-json\/wp\/v2\/pages\/539"}],"collection":[{"href":"https:\/\/blogs.sld.cu\/taiz\/wp-json\/wp\/v2\/pages"}],"about":[{"href":"https:\/\/blogs.sld.cu\/taiz\/wp-json\/wp\/v2\/types\/page"}],"author":[{"embeddable":true,"href":"https:\/\/blogs.sld.cu\/taiz\/wp-json\/wp\/v2\/users\/122"}],"replies":[{"embeddable":true,"href":"https:\/\/blogs.sld.cu\/taiz\/wp-json\/wp\/v2\/comments?post=539"}],"version-history":[{"count":6,"href":"https:\/\/blogs.sld.cu\/taiz\/wp-json\/wp\/v2\/pages\/539\/revisions"}],"predecessor-version":[{"id":1242,"href":"https:\/\/blogs.sld.cu\/taiz\/wp-json\/wp\/v2\/pages\/539\/revisions\/1242"}],"wp:attachment":[{"href":"https:\/\/blogs.sld.cu\/taiz\/wp-json\/wp\/v2\/media?parent=539"}],"curies":[{"name":"wp","href":"https:\/\/api.w.org\/{rel}","templated":true}]}}