{"id":59,"date":"2011-10-14T12:46:26","date_gmt":"2011-10-14T17:46:26","guid":{"rendered":"http:\/\/blogviejo.sld.cu\/taiz\/?page_id=59"},"modified":"2019-03-29T22:12:09","modified_gmt":"2019-03-29T22:12:09","slug":"glosario","status":"publish","type":"page","link":"https:\/\/blogs.sld.cu\/taiz\/glosario\/","title":{"rendered":"Glosario"},"content":{"rendered":"<h2 style=\"text-align: justify\">Explicaci\u00f3n b\u00e1sica de los t\u00e9rminos propios de\u00a0la inform\u00e1tica, la informaci\u00f3n y\u00a0las nuevas TIC utilizados en este sitio<\/h2>\n<h3 style=\"text-align: justify\"><strong>Blog:<\/strong><\/h3>\n<p style=\"text-align: justify\">Es como los cuadernos de bit\u00e1cora de los barcos, en ellos se escribe d\u00eda a d\u00eda todo lo que sucede a bordo del buque. En nuestro caso, ser\u00eda como una especie de diario en l\u00ednea. Este diario suele ser personal, aunque hay blogs en los que participan varias personas o una comunidad entera. Un blog se puede definir como una web que se actualiza de forma peri\u00f3dica, donde cronol\u00f3gicamente van apareciendo art\u00edculos de diversos tipos, desde opiniones hasta noticias, trucos, recetas y en general todo tipo de tem\u00e1ticas. <a href=\"http:\/\/www.desarrolloweb.com\/articulos\/que-es-un-blog.html\" target=\"_blank\">Ampliar<\/a>.<\/p>\n<h3 style=\"text-align: justify\"><strong>Cach\u00e9:<\/strong><\/h3>\n<p style=\"text-align: justify\">En Inform\u00e1tica, el cach\u00e9 de CPU es una \u00e1rea especial de memoria que poseen los ordenadores. Funciona de una manera similar a como lo hace la memoria principal (RAM), pero es de menor tama\u00f1o y de acceso m\u00e1s r\u00e1pido. Es usado por la unidad central de procesamiento para reducir el tiempo de acceso a datos ubicados en la memoria principal que se utilizan con m\u00e1s frecuencia. <a title=\"Wikipedia\" href=\"https:\/\/es.wikipedia.org\/wiki\/Cach%C3%A9_(inform%C3%A1tica)\" target=\"_blank\">Ampliar<\/a>.<\/p>\n<p style=\"text-align: justify\">En la Web, se llama cach\u00e9 a la memoria que almacena documentos web (es decir, p\u00e1ginas, im\u00e1genes, etc\u00e9tera) para reducir el ancho de banda consumido, la carga de los servidores y el retardo en la descarga. Un cach\u00e9 web almacena copias de los documentos que pasan por \u00e9l, de forma que subsiguientes peticiones pueden ser respondidas por el propio cach\u00e9, si se cumplen ciertas condiciones. <a title=\"Wikipedia\" href=\"https:\/\/es.wikipedia.org\/wiki\/Cach%C3%A9_web\" target=\"_blank\">Ampliar<\/a>.<\/p>\n<h3 style=\"text-align: justify\"><strong>CMS (Content Management System):<\/strong><\/h3>\n<p style=\"text-align: justify\">Son las siglas en ingl\u00e9s de\u00a0<em>Sistema de Gesti\u00f3n\u00a0de Contenidos<\/em> y como su nombre indica, es una plataforma que nos permite gestionar contenidos. En l\u00edneas generales, un CMS permitir\u00eda administrar contenidos en un medio digital y para el caso particular que nos ocupa, gestionar los contenidos de una web. Dicho de otra forma, un CMS es una herramienta que permite a un editor crear, clasificar, organizar y publicar cualquier tipo de informaci\u00f3n en una p\u00e1gina web. <a href=\"http:\/\/www.desarrolloweb.com\/articulos\/que-es-un-cms.html\" target=\"_blank\">Ampliar<\/a>.<\/p>\n<h3 style=\"text-align: justify\"><strong>Espejo:<\/strong><\/h3>\n<p style=\"text-align: justify\">En Internet, un espejo (del ingl\u00e9s, mirror) es un sitio web que contiene una r\u00e9plica exacta de otro. Estas r\u00e9plicas o espejos se suelen crear para facilitar descargas grandes y facilitar el acceso a la informaci\u00f3n a\u00fan cuando haya fallos en el servicio del servidor principal. <a title=\"Wikipedia\" href=\"https:\/\/es.wikipedia.org\/wiki\/Espejo_(Internet)\" target=\"_blank\">Ampliar<\/a>.<\/p>\n<h3 style=\"text-align: justify\"><strong>Glosario:<\/strong><\/h3>\n<p style=\"text-align: justify\">Del lat\u00edn <em>glossar\u012dum<\/em>, es un anexo que se agrega al final de libros o enciclopedias, en donde se definen y comentan ciertos t\u00e9rminos utilizados en dicho texto, con el fin de ayudar al lector a comprender mejor los significados de algunas palabras. <a title=\"Wikipedia\" href=\"https:\/\/es.wikipedia.org\/wiki\/Glosario\" target=\"_blank\">Ampliar<\/a>.<\/p>\n<h3 style=\"text-align: justify\"><strong>Gram\u00e1tica:<\/strong><\/h3>\n<p style=\"text-align: justify\">Ciencia que estudia los elementos de la lengua (idioma) y sus relaciones, las reglas y principios que regulan el uso de las lenguas y la organizaci\u00f3n de las palabras dentro de una oraci\u00f3n. Tambi\u00e9n se denomina as\u00ed al conjunto de normas y principios que gobiernan el uso de un lenguaje muy determinado; as\u00ed, cada lengua tiene su propia gram\u00e1tica. <a title=\"Wikipedia\" href=\"https:\/\/es.wikipedia.org\/wiki\/Gram%C3%A1tica\" target=\"_blank\">Ampliar<\/a>.<\/p>\n<h3 style=\"text-align: justify\"><strong>Interfaz:<\/strong><\/h3>\n<p style=\"text-align: justify\">Es lo que conocemos en ingl\u00e9s como <em>interface<\/em> (superficie de contacto). En nuestro medio es el lugar de la interacci\u00f3n, el espacio donde se desarrollan los intercambios y sus prestaciones. Parte de la interacci\u00f3n persona-ordenador, y se extiende a la interacci\u00f3n de la misma con un sitio web a trav\u00e9s del ordenador. <a href=\"https:\/\/es.wikipedia.org\/wiki\/Interfaz\" target=\"_blank\">Ampliar<\/a>.<\/p>\n<h3 style=\"text-align: justify\"><strong>Malware:<\/strong><\/h3>\n<p style=\"text-align: justify\">Del ingl\u00e9s <em><strong>mal<\/strong>icious soft<strong>ware<\/strong><\/em>, tambi\u00e9n llamado <em>badware<\/em>, c\u00f3digo maligno, software malicioso o software malintencionado, es un tipo de software que tiene como objetivo infiltrarse o da\u00f1ar una computadora o sistema de informaci\u00f3n <strong>sin<\/strong> el consentimiento de su propietario. <a title=\"Wikipedia\" href=\"https:\/\/es.wikipedia.org\/wiki\/Malware\" target=\"_blank\">Ampliar<\/a>.<\/p>\n<h3 style=\"text-align: justify\"><strong>Miner\u00eda de datos:<\/strong><\/h3>\n<p style=\"text-align: justify\">Tambi\u00e9n conocido como\u00a0<em>exploraci\u00f3n de datos, <\/em>es un campo de las ciencias de la computaci\u00f3n referido al proceso que intenta descubrir patrones en grandes vol\u00famenes de conjuntos de datos. Utiliza los m\u00e9todos de la inteligencia artificial, aprendizaje autom\u00e1tico, estad\u00edstica y sistemas de bases de datos. El objetivo general del proceso de miner\u00eda de datos consiste en extraer informaci\u00f3n de un conjunto de datos y transformarla en una estructura comprensible para su uso posterior. <a href=\"https:\/\/es.wikipedia.org\/wiki\/Miner%C3%ADa_de_datos\" target=\"_blank\">Ampliar<\/a>. Lectura recomendada:\u00a0<a href=\"https:\/\/msdn.microsoft.com\/es-es\/library\/ms174949(v=sql.120).aspx\" target=\"_blank\">Conceptos de miner\u00eda de datos. Microsoft<\/a><\/p>\n<h3 style=\"text-align: justify\"><strong>Nube:<\/strong><\/h3>\n<p style=\"text-align: justify\">La nube, <em>Cloud Computing<\/em> o simplemente <em>The Cloud<\/em>, es un nuevo modelo de uso de los equipos inform\u00e1ticos. Lo que normalmente estar\u00eda en tu PC (tus programas o tus archivos, por ejemplo) pasa a estar en un conjunto de servidores a los que puedes acceder a trav\u00e9s de Internet y que forman la nube. Esto permite el acceso desde cualquier sitio y con varios dispositivos a los datos y programas que habitualmente usas en tu PC. <a href=\"https:\/\/es.wikipedia.org\/wiki\/Computaci%C3%B3n_en_la_nube\" target=\"_blank\">Ampliar<\/a>. Lecturas recomendadas:\u00a0\u00a0<a href=\"http:\/\/aprenderinternet.about.com\/sitesearch.htm?q=nube&amp;boost=3&amp;SUName=aprenderinternet&amp;useSolr=false\" target=\"_blank\">Aprender internet<\/a><\/p>\n<h3 style=\"text-align: justify\"><strong>Prototipo:<\/strong><\/h3>\n<p class=\"q\" style=\"text-align: justify\"><span class=\"b\">Ejemplar original o primer molde en que se fabrica una figura u otra cosa.\u00a0<\/span>Ejemplar m\u00e1s perfecto y modelo de una virtud, vicio o cualidad. En el dise\u00f1o web, es la propuesta de estructura de un sitio que se crea a partir la solicitud de un usuario o cliente.\u00a0<a title=\"Wikipedia\" href=\"https:\/\/es.wikipedia.org\/wiki\/Prototipo\" target=\"_blank\">Ampliar<\/a>.<\/p>\n<h3><strong>Web service:<\/strong><\/h3>\n<p style=\"text-align: justify\">Un servicio web es una tecnolog\u00eda que utiliza un conjunto de protocolos y est\u00e1ndares que sirven para intercambiar datos entre aplicaciones. De esta manera, distintas aplicaciones de software desarrolladas en lenguajes de programaci\u00f3n diferentes, y ejecutadas sobre cualquier plataforma, pueden utilizar los servicios web para intercambiar datos en redes de ordenadores como Internet. La interoperabilidad se consigue mediante la adopci\u00f3n de est\u00e1ndares abiertos. <a href=\"https:\/\/es.wikipedia.org\/wiki\/Servicio_web\" target=\"_blank\">Ampliar<\/a>.<\/p>\n<h3><strong>Wi-Fi:<\/strong><\/h3>\n<p style=\"text-align: justify\">Es un mecanismo de conexi\u00f3n de dispositivos electr\u00f3nicos de forma inal\u00e1mbrica. Los dispositivos habilitados con Wi-Fi, tales como un ordenador personal, una consola de videojuegos, un smartphone o un reproductor de audio digital, pueden conectarse a Internet a trav\u00e9s de un punto de acceso de red inal\u00e1mbrica. Dicho punto de acceso (<em>hotspot<\/em>) tiene un alcance de unos 20 metros en interiores y al aire libre una distancia mayor. Pueden cubrir grandes \u00e1reas la superposici\u00f3n de m\u00faltiples puntos de acceso. <a title=\"Wikipedia\" href=\"https:\/\/es.wikipedia.org\/wiki\/Wifi\" target=\"_blank\">Ampliar<\/a>.<\/p>\n<hr \/>\n<p style=\"text-align: justify\"><strong>Fuentes:<\/strong><\/p>\n<ul>\n<li style=\"text-align: justify\"><a title=\"Construcci\u00f3n colectiva\" href=\"http:\/\/www.internetglosario.com\/\" target=\"_blank\">Glosario de inform\u00e1tica e internet<\/a><\/li>\n<li style=\"text-align: justify\"><a title=\"Consejer\u00eda de Educaci\u00f3n, Juventud y Deporte de Madrid\" href=\"http:\/\/www.educa.madrid.org\/web\/cp.sanmiguel.navalagamella\/Enlaces%20para%20profesorado\/Glosario.pdf\" target=\"_blank\">Glosario de t\u00e9rminos inform\u00e1ticos<\/a><\/li>\n<li style=\"text-align: justify\"><a href=\"http:\/\/infomed20.sld.cu\/wiki\/doku.php\/glosario:glosario\" target=\"_blank\">InfomedWiki &#8211; Glosario<\/a><\/li>\n<li style=\"text-align: justify\"><a href=\"http:\/\/www.bvs.sld.cu\/libros_texto\/terminos_sistema_informacion\/indice_p.htm\" target=\"_blank\">T\u00e9rminos y definiciones. Sistema de informaci\u00f3n en salud<\/a><\/li>\n<li style=\"text-align: justify\"><a href=\"http:\/\/www.wordreference.com\/definicion\/\" target=\"_blank\">WordReference<\/a><\/li>\n<li style=\"text-align: justify\"><a href=\"http:\/\/es.wikipedia.org\/wiki\/Wikipedia:Portada\" target=\"_blank\">Wikipedia<\/a><\/li>\n<\/ul>\n","protected":false},"excerpt":{"rendered":"<p>Explicaci\u00f3n b\u00e1sica de los t\u00e9rminos propios de\u00a0la inform\u00e1tica, la informaci\u00f3n y\u00a0las nuevas TIC utilizados en este sitio Blog: Es como los cuadernos de bit\u00e1cora de los barcos, en ellos se escribe d\u00eda a d\u00eda todo lo que sucede a bordo del buque. En nuestro caso, ser\u00eda como una especie de diario en l\u00ednea. Este diario [&hellip;]<\/p>\n","protected":false},"author":122,"featured_media":0,"parent":0,"menu_order":0,"comment_status":"closed","ping_status":"closed","template":"monocolumn.php","meta":[],"_links":{"self":[{"href":"https:\/\/blogs.sld.cu\/taiz\/wp-json\/wp\/v2\/pages\/59"}],"collection":[{"href":"https:\/\/blogs.sld.cu\/taiz\/wp-json\/wp\/v2\/pages"}],"about":[{"href":"https:\/\/blogs.sld.cu\/taiz\/wp-json\/wp\/v2\/types\/page"}],"author":[{"embeddable":true,"href":"https:\/\/blogs.sld.cu\/taiz\/wp-json\/wp\/v2\/users\/122"}],"replies":[{"embeddable":true,"href":"https:\/\/blogs.sld.cu\/taiz\/wp-json\/wp\/v2\/comments?post=59"}],"version-history":[{"count":35,"href":"https:\/\/blogs.sld.cu\/taiz\/wp-json\/wp\/v2\/pages\/59\/revisions"}],"predecessor-version":[{"id":1374,"href":"https:\/\/blogs.sld.cu\/taiz\/wp-json\/wp\/v2\/pages\/59\/revisions\/1374"}],"wp:attachment":[{"href":"https:\/\/blogs.sld.cu\/taiz\/wp-json\/wp\/v2\/media?parent=59"}],"curies":[{"name":"wp","href":"https:\/\/api.w.org\/{rel}","templated":true}]}}