{"id":771,"date":"2015-07-29T21:49:30","date_gmt":"2015-07-29T21:49:30","guid":{"rendered":"http:\/\/blogs.sld.cu\/taiz\/?page_id=771"},"modified":"2015-12-04T21:32:45","modified_gmt":"2015-12-04T21:32:45","slug":"fuentes-de-informacion-2","status":"publish","type":"page","link":"https:\/\/blogs.sld.cu\/taiz\/fuentes-de-informacion-2\/","title":{"rendered":"Fuentes de informaci\u00f3n"},"content":{"rendered":"<h2>Como sincronizar las utilidades de las fuentes de informaci\u00f3n de salud con nuestros sitios web<\/h2>\n<table style=\"height: 346px\" border=\"0\" width=\"817\" cellspacing=\"3\">\n<tbody>\n<tr>\n<td style=\"text-align: left;vertical-align: top;background-color: #f0ebf7\" scope=\"row\"><img loading=\"lazy\" class=\"alignnone wp-image-1165 size-full\" style=\"border-width: 0px;margin: 3px\" title=\"Integrando servicios y recursos\" src=\"https:\/\/blogs.sld.cu\/taiz\/files\/2015\/07\/Integrando-servicios-y-recursos-2-red.jpg\" alt=\"Integrando servicios y recursos\" width=\"136\" height=\"147\" \/><br \/>\n\u25ba Secciones<\/td>\n<td><\/td>\n<td style=\"vertical-align: top;text-align: justify\" scope=\"row\">Los sitios de temas y especialidades deben funcionar\u00a0como bibliotecas tem\u00e1ticas donde los usuarios accedan directamente al recurso que le interesa. La mayor\u00eda de los recursos que van a encontrar en el sitio, provienen todos de aquellos que est\u00e1n disponibles en la <a href=\"http:\/\/bvscuba.sld.cu\/\" target=\"_blank\">Biblioteca Virtual de Salud<\/a> (BVS), solo que seleccionados por el tema de inter\u00e9s. Algunos recursos son propios del tema o la especialidad y no est\u00e1n en la BVS. Pero son v\u00e1lidos igualmente, siempre se indique la autor\u00eda, vigencia y fecha de creaci\u00f3n.Explicamos aqu\u00ed c\u00f3mo se pueden mostrar estos recursos y las variantes que los mismos editores han desarrollado.<\/td>\n<\/tr>\n<\/tbody>\n<\/table>\n","protected":false},"excerpt":{"rendered":"<p>Como sincronizar las utilidades de las fuentes de informaci\u00f3n de salud con nuestros sitios web \u25ba Secciones Los sitios de temas y especialidades deben funcionar\u00a0como bibliotecas tem\u00e1ticas donde los usuarios accedan directamente al recurso que le interesa. La mayor\u00eda de los recursos que van a encontrar en el sitio, provienen todos de aquellos que est\u00e1n [&hellip;]<\/p>\n","protected":false},"author":122,"featured_media":0,"parent":0,"menu_order":0,"comment_status":"closed","ping_status":"closed","template":"monocolumn.php","meta":[],"_links":{"self":[{"href":"https:\/\/blogs.sld.cu\/taiz\/wp-json\/wp\/v2\/pages\/771"}],"collection":[{"href":"https:\/\/blogs.sld.cu\/taiz\/wp-json\/wp\/v2\/pages"}],"about":[{"href":"https:\/\/blogs.sld.cu\/taiz\/wp-json\/wp\/v2\/types\/page"}],"author":[{"embeddable":true,"href":"https:\/\/blogs.sld.cu\/taiz\/wp-json\/wp\/v2\/users\/122"}],"replies":[{"embeddable":true,"href":"https:\/\/blogs.sld.cu\/taiz\/wp-json\/wp\/v2\/comments?post=771"}],"version-history":[{"count":12,"href":"https:\/\/blogs.sld.cu\/taiz\/wp-json\/wp\/v2\/pages\/771\/revisions"}],"predecessor-version":[{"id":1172,"href":"https:\/\/blogs.sld.cu\/taiz\/wp-json\/wp\/v2\/pages\/771\/revisions\/1172"}],"wp:attachment":[{"href":"https:\/\/blogs.sld.cu\/taiz\/wp-json\/wp\/v2\/media?parent=771"}],"curies":[{"name":"wp","href":"https:\/\/api.w.org\/{rel}","templated":true}]}}