{"id":876,"date":"2015-07-31T20:57:24","date_gmt":"2015-07-31T20:57:24","guid":{"rendered":"http:\/\/blogs.sld.cu\/taiz\/?page_id=876"},"modified":"2015-12-04T19:12:29","modified_gmt":"2015-12-04T19:12:29","slug":"876-2","status":"publish","type":"page","link":"https:\/\/blogs.sld.cu\/taiz\/wordpress\/876-2\/","title":{"rendered":"Elementos principales"},"content":{"rendered":"<table style=\"height: 346px\" border=\"0\" width=\"817\" cellspacing=\"3\">\n<tbody>\n<tr>\n<td style=\"text-align: left;vertical-align: top;background-color: #f0ebf7\" scope=\"row\"><img loading=\"lazy\" class=\" wp- image-849 alignnone\" style=\"border-width: 0px;margin: 3px\" title=\"Wordpress\" src=\"https:\/\/blogs.sld.cu\/taiz\/files\/2013\/11\/sobre-wordpress.png\" alt=\"Wordpress\" width=\"135\" height=\"136\" \/>\u25ba<a href=\"https:\/\/blogs.sld.cu\/taiz\/wordpress\/escritorio-y-menu-de-trabajo\/\">Escritorio y men\u00fa de trabajo<br \/>\n<\/a>\u25ba<a title=\"Elementos principales de wordpress\" href=\"https:\/\/blogs.sld.cu\/taiz\/wordpress\/876-2\/\">Elementos principales<br \/>\n<\/a>\u25ba\u00a0<a href=\"https:\/\/blogs.sld.cu\/taiz\/wordpress\/ajustes\/\">Ajustes<br \/>\n<\/a>\u25ba <a href=\"https:\/\/blogs.sld.cu\/taiz\/wordpress\/usuario-perfil\/\">Usuario &#8211; Perfil<\/a><\/td>\n<td><\/td>\n<td style=\"text-align: justify;vertical-align: top\" scope=\"row\">\n<h3>Son 6\u00a0elementos b\u00e1sicos los que nos permitir\u00e1n trabajar en esta herramienta: post o entrada, p\u00e1gina, categor\u00eda,\u00a0etiqueta, widget y men\u00fa<\/h3>\n<p>El <strong>post (entrada)<\/strong> es\u00a0un espacio para escribir contenidos, con un editor de texto con formato \u00a0que admite insertar enlaces e im\u00e1genes. Las <strong>categor\u00edas<\/strong> y las <strong>etiquetas<\/strong> son atributos que se les asignan a los post o entradas\u00a0para facilitar su organizaci\u00f3n dentro del sitio y su recuperaci\u00f3n.<a href=\"https:\/\/blogs.sld.cu\/taiz\/files\/2015\/07\/post.jpg\" target=\"_blank\"><img loading=\"lazy\" class=\" wp-image-973 size-medium aligncenter\" style=\"border-width: 2px;margin: 5px\" title=\"Post o entrada. Ampliar la imagen\" src=\"https:\/\/blogs.sld.cu\/taiz\/files\/2015\/07\/post-300x182.jpg\" alt=\"post o entrada\" width=\"300\" height=\"182\" \/><\/a>Las <strong>p\u00e1ginas<\/strong> tambi\u00e9n son espacios para escribir contenidos, que tambi\u00e9n admiten formato, im\u00e1genes y enlaces, pero no se categorizan ni etiquetan porque se muestran a trav\u00e9s de los men\u00fas. Son b\u00e1sicamente, los espacios de segundo, tercer y cuarto nivel, en dependencia de la profundidad que se le d\u00e9 al sitio, por lo que son espacios menos din\u00e1micos que los posts.<a href=\"https:\/\/blogs.sld.cu\/taiz\/files\/2015\/07\/p\u00e1gina.jpg\" target=\"_blank\"><span style=\"color: #333333\"><img loading=\"lazy\" class=\"aligncenter wp-image-977 \" style=\"border-width: 2px;margin: 5px\" title=\"P\u00e1gina. Ampliar imagen\" src=\"https:\/\/blogs.sld.cu\/taiz\/files\/2015\/07\/p\u00e1gina-300x157.jpg\" alt=\"P\u00e1gina\" width=\"300\" height=\"157\" \/><\/span><\/a>Un <strong>widget<\/strong> (o gadget) es un fragmento de c\u00f3digo que ofrece funcionalidades a\u00f1adidas a la plataforma y que habitualmente se coloca en alguno de los bloques laterales del blog. Tambi\u00e9n permiten configurar c\u00f3mo se muestran algunos contenidos en estos bloques. WordPress por defecto incluye algunos widgets para mostrar tu listado de enlaces, un calendario o los \u00faltimos art\u00edculos\/comentarios, pero lo m\u00e1s interesante es que hay much\u00edsimos plugins que permiten a\u00f1adir nuevas funciones a tu sitio. Importante: se puede colocar el mismo tipo de widget varias veces en una misma \u00e1rea del sitio; el hecho de que lo arrastremos a la derecha no significa que dejar\u00e1 de estar disponible para colocarlo en otra secci\u00f3n. Lo que se arrastra es una copia. Igualmente se pueden eliminar de los bloques si decidimos que ya no los necesitamos, o cambiar de bloque. El bloque en cuesti\u00f3n debe estar desplegado para poder poner o quitar los widgets.<a href=\"https:\/\/blogs.sld.cu\/taiz\/files\/2015\/07\/widgets.jpg\" target=\"_blank\"><img loading=\"lazy\" class=\"aligncenter wp-image-983 size-medium\" style=\"border-width: 2px;margin: 5px\" title=\"Widgets. Ampliar imagen\" src=\"https:\/\/blogs.sld.cu\/taiz\/files\/2015\/07\/widgets-300x169.jpg\" alt=\"Widgets\" width=\"300\" height=\"169\" \/><\/a>Un <strong>men\u00fa<\/strong> permite organizar bloques de categor\u00edas, bloques de p\u00e1ginas o bloques de enlaces, incluso, crear un bloque que contenga categor\u00edas, p\u00e1ginas y enlaces a la vez. Los men\u00fas generalmente se combinan con el widget <strong>men\u00fa personalizado<\/strong>.<\/p>\n<p><a href=\"https:\/\/blogs.sld.cu\/taiz\/files\/2015\/07\/men\u00fa.jpg\" target=\"_blank\"><img loading=\"lazy\" class=\"aligncenter wp-image-991 size-medium\" style=\"border-width: 2px;margin: 5px\" title=\"Men\u00fa. Ampliar la imagen\" src=\"https:\/\/blogs.sld.cu\/taiz\/files\/2015\/07\/men\u00fa-300x181.jpg\" alt=\"Men\u00fa\" width=\"300\" height=\"181\" \/><\/a><\/p>\n<p>WordPress permite tambi\u00e9n ir creando una <strong>biblioteca (library) de im\u00e1genes<\/strong> con las que se van incorporando a las entradas y a las p\u00e1ginas. Tambi\u00e9n se puede crear una relaci\u00f3n de <strong>enlaces<\/strong> a otros sitios, que pueden ser categorizados, tal y como se hace con las entradas.<\/td>\n<\/tr>\n<\/tbody>\n<\/table>\n","protected":false},"excerpt":{"rendered":"<p>\u25baEscritorio y men\u00fa de trabajo \u25baElementos principales \u25ba\u00a0Ajustes \u25ba Usuario &#8211; Perfil Son 6\u00a0elementos b\u00e1sicos los que nos permitir\u00e1n trabajar en esta herramienta: post o entrada, p\u00e1gina, categor\u00eda,\u00a0etiqueta, widget y men\u00fa El post (entrada) es\u00a0un espacio para escribir contenidos, con un editor de texto con formato \u00a0que admite insertar enlaces e im\u00e1genes. Las categor\u00edas y [&hellip;]<\/p>\n","protected":false},"author":122,"featured_media":0,"parent":2,"menu_order":0,"comment_status":"closed","ping_status":"closed","template":"monocolumn.php","meta":[],"_links":{"self":[{"href":"https:\/\/blogs.sld.cu\/taiz\/wp-json\/wp\/v2\/pages\/876"}],"collection":[{"href":"https:\/\/blogs.sld.cu\/taiz\/wp-json\/wp\/v2\/pages"}],"about":[{"href":"https:\/\/blogs.sld.cu\/taiz\/wp-json\/wp\/v2\/types\/page"}],"author":[{"embeddable":true,"href":"https:\/\/blogs.sld.cu\/taiz\/wp-json\/wp\/v2\/users\/122"}],"replies":[{"embeddable":true,"href":"https:\/\/blogs.sld.cu\/taiz\/wp-json\/wp\/v2\/comments?post=876"}],"version-history":[{"count":39,"href":"https:\/\/blogs.sld.cu\/taiz\/wp-json\/wp\/v2\/pages\/876\/revisions"}],"predecessor-version":[{"id":1161,"href":"https:\/\/blogs.sld.cu\/taiz\/wp-json\/wp\/v2\/pages\/876\/revisions\/1161"}],"up":[{"embeddable":true,"href":"https:\/\/blogs.sld.cu\/taiz\/wp-json\/wp\/v2\/pages\/2"}],"wp:attachment":[{"href":"https:\/\/blogs.sld.cu\/taiz\/wp-json\/wp\/v2\/media?parent=876"}],"curies":[{"name":"wp","href":"https:\/\/api.w.org\/{rel}","templated":true}]}}