{"id":16,"date":"2021-03-10T20:10:41","date_gmt":"2021-03-10T20:10:41","guid":{"rendered":"http:\/\/blogs.sld.cu\/tuberculosis\/?page_id=16"},"modified":"2021-05-14T23:31:23","modified_gmt":"2021-05-14T23:31:23","slug":"diagnosticotratamiento","status":"publish","type":"page","link":"https:\/\/blogs.sld.cu\/tuberculosis\/diagnosticotratamiento\/","title":{"rendered":"Diagn\u00f3stico\/Tratamiento"},"content":{"rendered":"<h3><span style=\"font-size: 10pt;font-family: verdana, geneva\">Diagn\u00f3stico<\/span><\/h3>\n<p><span style=\"font-size: 10pt;font-family: verdana, geneva\"><a href=\"http:\/\/blogs.sld.cu\/tuberculosis\/files\/2021\/03\/TB.jpg\"><img loading=\"lazy\" class=\"alignnone wp-image-54\" src=\"http:\/\/blogs.sld.cu\/tuberculosis\/files\/2021\/03\/TB.jpg\" alt=\"Radiograf\u00eda de los pulmones con TB\" width=\"518\" height=\"258\" srcset=\"https:\/\/blogs.sld.cu\/tuberculosis\/files\/2021\/03\/TB.jpg 702w, https:\/\/blogs.sld.cu\/tuberculosis\/files\/2021\/03\/TB-300x150.jpg 300w, https:\/\/blogs.sld.cu\/tuberculosis\/files\/2021\/03\/TB-250x125.jpg 250w\" sizes=\"(max-width: 518px) 100vw, 518px\" \/><\/a><\/span><\/p>\n<p><span style=\"font-size: 10pt;font-family: verdana, geneva\">El diagnostico se basa fundamentalmente en el estudio microbiol\u00f3gico\u00a0de las secreciones del \u00e1rbol respiratorio, obtenidas mediante la expectoraci\u00f3n espont\u00e1nea o inducida, as\u00ed como por lavado bronquial a trav\u00e9s de broncoscop\u00eda. Dicho estudio permite primero visualizar\u00a0al bacilo tuberculoso mediante una coloraci\u00f3n especial de las secreciones y posteriormente, lograr su aislamiento en un medio espec\u00edfico de cultivo.<\/span><\/p>\n<p><span style=\"font-size: 10pt;font-family: verdana, geneva\">Otras pruebas diagn\u00f3sticas \u00fatiles y m\u00e1s r\u00e1pidas son las que permiten amplificar los \u00e1cidos nucleicos del\u00a0<em>Mycobacterium tuberculosis<\/em>\u00a0presentes en las muestras a estudiar mediante tecnolog\u00eda de PCR. Tambi\u00e9n existen estudios serol\u00f3gicos para la identificaci\u00f3n de ant\u00edgenos o anticuerpos en el suero del paciente. No ha dejado de ser \u00fatil en el estudio de casos de tuberculosis y en el de control de los contactos, la realizaci\u00f3n de la prueba intrad\u00e9rmica de tuberculina mediante la t\u00e9cnica de Mantoux.<\/span><\/p>\n<p><span style=\"font-size: 10pt;font-family: verdana, geneva\">Los estudios de imagen del t\u00f3rax, tanto los convencionales como la Tomograf\u00eda Axial Computarizada brindan informaci\u00f3n m\u00e9dica necesaria para el diagn\u00f3stico y manejo posterior de estos enfermos.<\/span><\/p>\n<h3><span style=\"font-size: 10pt;font-family: verdana, geneva\"><strong>Tratamiento<\/strong><\/span><\/h3>\n<p><span style=\"font-size: 10pt;font-family: verdana, geneva\">Una vez que se realiza el diagn\u00f3stico debe iniciarse, de manera inmediata el tratamiento, lo cual permite lograr m\u00e1s r\u00e1pido la mejor\u00eda y curaci\u00f3n del paciente y evitar formas graves y extensas de la enfermedad, adem\u00e1s de\u00a0 prevenir su propagaci\u00f3n en la comunidad. El tratamiento debe recibirse en el consultorio del m\u00e9dico de la familia, supervisado por el personal sanitario hasta su terminaci\u00f3n y no debe ser interrumpido para evitar la\u00a0aparici\u00f3n de resistencia a los medicamentos.<\/span><\/p>\n<p><span style=\"font-size: 10pt;font-family: verdana, geneva\">Consta de dos fases: una primera de 60 dosis diarias de Rifampicina, Isoniacida, Etambutol y Pirazinamida y una segunda\u00a0de 48 dosis, suministradas tres veces por semana de Rifampicina e Isoniacida.<\/span><\/p>\n","protected":false},"excerpt":{"rendered":"<p>Diagn\u00f3stico El diagnostico se basa fundamentalmente en el estudio microbiol\u00f3gico\u00a0de las secreciones del \u00e1rbol respiratorio, obtenidas mediante la expectoraci\u00f3n espont\u00e1nea o inducida, as\u00ed como por lavado bronquial a trav\u00e9s de broncoscop\u00eda. Dicho estudio permite primero visualizar\u00a0al bacilo tuberculoso mediante una coloraci\u00f3n especial de las secreciones y posteriormente, lograr su aislamiento en un medio espec\u00edfico de [&hellip;]<\/p>\n","protected":false},"author":208,"featured_media":0,"parent":0,"menu_order":0,"comment_status":"closed","ping_status":"open","template":"","meta":[],"_links":{"self":[{"href":"https:\/\/blogs.sld.cu\/tuberculosis\/wp-json\/wp\/v2\/pages\/16"}],"collection":[{"href":"https:\/\/blogs.sld.cu\/tuberculosis\/wp-json\/wp\/v2\/pages"}],"about":[{"href":"https:\/\/blogs.sld.cu\/tuberculosis\/wp-json\/wp\/v2\/types\/page"}],"author":[{"embeddable":true,"href":"https:\/\/blogs.sld.cu\/tuberculosis\/wp-json\/wp\/v2\/users\/208"}],"replies":[{"embeddable":true,"href":"https:\/\/blogs.sld.cu\/tuberculosis\/wp-json\/wp\/v2\/comments?post=16"}],"version-history":[{"count":6,"href":"https:\/\/blogs.sld.cu\/tuberculosis\/wp-json\/wp\/v2\/pages\/16\/revisions"}],"predecessor-version":[{"id":135,"href":"https:\/\/blogs.sld.cu\/tuberculosis\/wp-json\/wp\/v2\/pages\/16\/revisions\/135"}],"wp:attachment":[{"href":"https:\/\/blogs.sld.cu\/tuberculosis\/wp-json\/wp\/v2\/media?parent=16"}],"curies":[{"name":"wp","href":"https:\/\/api.w.org\/{rel}","templated":true}]}}