{"id":77,"date":"2021-03-19T18:52:46","date_gmt":"2021-03-19T18:52:46","guid":{"rendered":"http:\/\/blogs.sld.cu\/tuberculosis\/?page_id=77"},"modified":"2021-05-14T23:21:25","modified_gmt":"2021-05-14T23:21:25","slug":"77-2","status":"publish","type":"page","link":"https:\/\/blogs.sld.cu\/tuberculosis\/77-2\/","title":{"rendered":"Robert Koch"},"content":{"rendered":"<p><img loading=\"lazy\" class=\" wp-image-76 size-full alignleft\" src=\"http:\/\/blogs.sld.cu\/tuberculosis\/files\/2021\/03\/kochfoto.jpg\" alt=\"Dr. Robert H. Koch\" width=\"142\" height=\"186\" \/><\/p>\n<p><span style=\"font-size: 10pt;font-family: verdana, geneva\">Robert Heinrich Hermann Koch, naci\u00f3 en\u00a0Clausthal, Reino de Hannover,\u00a0el 11 de diciembre de 1843 y muri\u00f3 en Baden, Gran Ducado de Baden, Imperio alem\u00e1n el 27 de mayo de 1910. Fue un m\u00e9dico y microbi\u00f3logo ale\u00e1n. \u200bSe hizo famoso por descubrir el bacilo de la tuberculosis en 1882 (el carbunco o \u00e1ntrax) fue causada por un microorganismo espec\u00edfico. \u200bEl trabajo de Koch consisti\u00f3 en aislar el microorganismo causante de esta enfermedad y hacerlo crecer en un cultivo puro, utiliz\u00e1ndolo para inducir la enfermedad en animales de laboratorio, en su caso la cobaya, aislando de nuevo el germen de los animales enfermos para verificar su identidad compar\u00e1ndolo con el germen original. Probablemente tan importante como su trabajo en la tuberculosis sean los llamados postulados de Koch que establecen las condiciones para que un organismo sea considerado la causa de una enfermedad.<\/span><\/p>\n","protected":false},"excerpt":{"rendered":"<p>Robert Heinrich Hermann Koch, naci\u00f3 en\u00a0Clausthal, Reino de Hannover,\u00a0el 11 de diciembre de 1843 y muri\u00f3 en Baden, Gran Ducado de Baden, Imperio alem\u00e1n el 27 de mayo de 1910. Fue un m\u00e9dico y microbi\u00f3logo ale\u00e1n. \u200bSe hizo famoso por descubrir el bacilo de la tuberculosis en 1882 (el carbunco o \u00e1ntrax) fue causada por [&hellip;]<\/p>\n","protected":false},"author":208,"featured_media":0,"parent":0,"menu_order":0,"comment_status":"closed","ping_status":"open","template":"","meta":[],"_links":{"self":[{"href":"https:\/\/blogs.sld.cu\/tuberculosis\/wp-json\/wp\/v2\/pages\/77"}],"collection":[{"href":"https:\/\/blogs.sld.cu\/tuberculosis\/wp-json\/wp\/v2\/pages"}],"about":[{"href":"https:\/\/blogs.sld.cu\/tuberculosis\/wp-json\/wp\/v2\/types\/page"}],"author":[{"embeddable":true,"href":"https:\/\/blogs.sld.cu\/tuberculosis\/wp-json\/wp\/v2\/users\/208"}],"replies":[{"embeddable":true,"href":"https:\/\/blogs.sld.cu\/tuberculosis\/wp-json\/wp\/v2\/comments?post=77"}],"version-history":[{"count":4,"href":"https:\/\/blogs.sld.cu\/tuberculosis\/wp-json\/wp\/v2\/pages\/77\/revisions"}],"predecessor-version":[{"id":133,"href":"https:\/\/blogs.sld.cu\/tuberculosis\/wp-json\/wp\/v2\/pages\/77\/revisions\/133"}],"wp:attachment":[{"href":"https:\/\/blogs.sld.cu\/tuberculosis\/wp-json\/wp\/v2\/media?parent=77"}],"curies":[{"name":"wp","href":"https:\/\/api.w.org\/{rel}","templated":true}]}}