{"id":4,"date":"2013-05-03T21:44:21","date_gmt":"2013-05-03T21:44:21","guid":{"rendered":"http:\/\/blogs.sld.cu\/victorr\/?page_id=4"},"modified":"2013-05-03T21:44:21","modified_gmt":"2013-05-03T21:44:21","slug":"mapa-de-sitio","status":"publish","type":"page","link":"https:\/\/blogs.sld.cu\/victorr\/mapa-de-sitio\/","title":{"rendered":"Mapa de Sitio"},"content":{"rendered":"<div class='html-sitemap sitemap'>\n<h2>Feeds<\/h2>\n<ul class='feeds'>\n<li><a href='https:\/\/blogs.sld.cu\/victorr\/feed\/'>Post Feed<\/a><\/li>\n<li><a href='https:\/\/blogs.sld.cu\/victorr\/comments\/feed\/'>Comment Feed<\/a><\/li>\n<\/ul>\n<h2>Authors<\/h2>\n<ul class='authors'>\n<li><a href=\"https:\/\/blogs.sld.cu\/victorr\/author\/victorr\/\" title=\"Entradas de victorr\">victorr<\/a><\/li><\/ul>\n<h2>P\u00e1ginas<\/h2>\n<ul class='pages'>\n<li class=\"page_item page-item-3\"><a href=\"https:\/\/blogs.sld.cu\/victorr\/contacto\/\">Contacto<\/a><\/li>\n<li class=\"page_item page-item-4 current_page_item\"><a href=\"https:\/\/blogs.sld.cu\/victorr\/mapa-de-sitio\/\" aria-current=\"page\">Mapa de Sitio<\/a><\/li>\n<\/ul>\n<h2>Categor\u00edas<\/h2>\n<ul class='categories'>\n\t<li class=\"cat-item cat-item-3\"><a href=\"https:\/\/blogs.sld.cu\/victorr\/category\/bvs\/\">bvs<\/a>\n<\/li>\n\t<li class=\"cat-item cat-item-5\"><a href=\"https:\/\/blogs.sld.cu\/victorr\/category\/desarrollo-20\/\">desarrollo 2.0<\/a>\n<\/li>\n\t<li class=\"cat-item cat-item-6\"><a href=\"https:\/\/blogs.sld.cu\/victorr\/category\/drupal\/\">drupal<\/a>\n<\/li>\n\t<li class=\"cat-item cat-item-7\"><a href=\"https:\/\/blogs.sld.cu\/victorr\/category\/github\/\">github<\/a>\n<\/li>\n\t<li class=\"cat-item cat-item-8\"><a href=\"https:\/\/blogs.sld.cu\/victorr\/category\/indicadores\/\">indicadores<\/a>\n<\/li>\n\t<li class=\"cat-item cat-item-9\"><a href=\"https:\/\/blogs.sld.cu\/victorr\/category\/opensource\/\">opensource<\/a>\n<\/li>\n\t<li class=\"cat-item cat-item-10\"><a href=\"https:\/\/blogs.sld.cu\/victorr\/category\/plone\/\">Plone<\/a>\n<\/li>\n\t<li class=\"cat-item cat-item-11\"><a href=\"https:\/\/blogs.sld.cu\/victorr\/category\/portal-de-infomed\/\">Portal de Infomed<\/a>\n<\/li>\n\t<li class=\"cat-item cat-item-13\"><a href=\"https:\/\/blogs.sld.cu\/victorr\/category\/propuesta-nuevos-portal-de-infomed\/\">Propuesta nuevo Portal de Infomed<\/a>\n<\/li>\n\t<li class=\"cat-item cat-item-12\"><a href=\"https:\/\/blogs.sld.cu\/victorr\/category\/uncategorized\/\">Uncategorized<\/a>\n<\/li>\n<\/ul>\n<h2>Archivos<\/h2>\n<ul class='archives'>\n\t<li><a href='https:\/\/blogs.sld.cu\/victorr\/2015\/11\/'>noviembre 2015<\/a><\/li>\n\t<li><a href='https:\/\/blogs.sld.cu\/victorr\/2013\/12\/'>diciembre 2013<\/a><\/li>\n\t<li><a href='https:\/\/blogs.sld.cu\/victorr\/2012\/11\/'>noviembre 2012<\/a><\/li>\n\t<li><a href='https:\/\/blogs.sld.cu\/victorr\/2011\/09\/'>septiembre 2011<\/a><\/li>\n\t<li><a href='https:\/\/blogs.sld.cu\/victorr\/2009\/08\/'>agosto 2009<\/a><\/li>\n\t<li><a href='https:\/\/blogs.sld.cu\/victorr\/2009\/07\/'>julio 2009<\/a><\/li>\n\t<li><a href='https:\/\/blogs.sld.cu\/victorr\/2009\/05\/'>mayo 2009<\/a><\/li>\n\t<li><a href='https:\/\/blogs.sld.cu\/victorr\/2008\/11\/'>noviembre 2008<\/a><\/li>\n\t<li><a href='https:\/\/blogs.sld.cu\/victorr\/2008\/09\/'>septiembre 2008<\/a><\/li>\n\t<li><a href='https:\/\/blogs.sld.cu\/victorr\/2008\/03\/'>marzo 2008<\/a><\/li>\n\t<li><a href='https:\/\/blogs.sld.cu\/victorr\/2007\/10\/'>octubre 2007<\/a><\/li>\n\t<li><a href='https:\/\/blogs.sld.cu\/victorr\/2007\/08\/'>agosto 2007<\/a><\/li>\n\t<li><a href='https:\/\/blogs.sld.cu\/victorr\/2007\/07\/'>julio 2007<\/a><\/li>\n\t<li><a href='https:\/\/blogs.sld.cu\/victorr\/2007\/06\/'>junio 2007<\/a><\/li>\n\t<li><a href='https:\/\/blogs.sld.cu\/victorr\/2007\/05\/'>mayo 2007<\/a><\/li>\n\t<li><a href='https:\/\/blogs.sld.cu\/victorr\/2007\/01\/'>enero 2007<\/a><\/li>\n\t<li><a href='https:\/\/blogs.sld.cu\/victorr\/2006\/12\/'>diciembre 2006<\/a><\/li>\n<\/ul>\n<h2>Entradas<\/h2>\n<ul class='posts'>\n<li><h3>bvs<\/h3>\n<ul><li><a href='https:\/\/blogs.sld.cu\/victorr\/2007\/10\/03\/curso-para-bibliotecarios-y-profesionales-de-informatica-del-01-05-octubre-de-2007-en-bireme\/'>Curso para Bibliotecarios y Profesionales de Inform\u00e1tica del 01 - 05 Octubre de 2007 en BIREME<\/a><\/li>\n<li><a href='https:\/\/blogs.sld.cu\/victorr\/2007\/08\/13\/migracion-de-enlaces-del-lis-internacional-para-infoenlaces\/'>Migraci\u00f3n de enlaces del LIS Internacional para Infoenlaces<\/a><\/li>\n<li><a href='https:\/\/blogs.sld.cu\/victorr\/2007\/06\/08\/instalada-nueva-version-del-bvs-site-version-401\/'>Instalada nueva versi\u00f3n del BVS Site versi\u00f3n 4.0.1<\/a><\/li>\n<li><a href='https:\/\/blogs.sld.cu\/victorr\/2007\/05\/23\/actualizar-bvs-site-de-version-40rc4-a-la-401\/'>Actualizar BVS SITE de versi\u00f3n 4.0.rc4 a la 4.0.1<\/a><\/li>\n<\/ul>\n<\/li>\n<li><h3>desarrollo 2.0<\/h3>\n<ul><li><a href='https:\/\/blogs.sld.cu\/victorr\/2009\/08\/05\/disponible-caja-infoenlaces-en-el-portal-de-infomed\/'>Disponible Caja Infoenlaces en el Portal de Infomed<\/a><\/li>\n<li><a href='https:\/\/blogs.sld.cu\/victorr\/2009\/07\/17\/el-sistema-del-tema-de-drupal\/'>El Sistema del Tema de Drupal<\/a><\/li>\n<li><a href='https:\/\/blogs.sld.cu\/victorr\/2009\/07\/17\/modulos-de-drupal-desarrollados-para-la-nueva-propuesta-del-portal-de-infomed\/'>M\u00f3dulos de Drupal desarrollados para la nueva propuesta del Portal de Infomed<\/a><\/li>\n<li><a href='https:\/\/blogs.sld.cu\/victorr\/2009\/07\/16\/indicadores-de-la-red\/'>Indicadores de la RED<\/a><\/li>\n<li><a href='https:\/\/blogs.sld.cu\/victorr\/2008\/11\/13\/parametros-por-defecto-a-incluir-en-el-perfil-de-instalacion-de-drupal-para-los-sitios-tematicos-y-de-especialidades\/'>Par\u00e1metros por defecto a incluir en el perfil de instalaci\u00f3n de Drupal para los sitios tem\u00e1ticos y de especialidades.<\/a><\/li>\n<li><a href='https:\/\/blogs.sld.cu\/victorr\/2007\/07\/04\/cambio-en-la-pagina-de-busqueda-del-portal-de-infomed\/'>Cambio en la p\u00e1gina de b\u00fasqueda del Portal de Infomed<\/a><\/li>\n<li><a href='https:\/\/blogs.sld.cu\/victorr\/2007\/06\/05\/disponible-caja-rss-en-el-portal-de-infomed\/'>Disponible Caja RSS en el Portal de Infomed<\/a><\/li>\n<li><a href='https:\/\/blogs.sld.cu\/victorr\/2007\/05\/23\/disponible-rss-de-las-paginas-del-portal-de-infomed\/'>Disponible RSS de las p\u00e1ginas del Portal de Infomed<\/a><\/li>\n<li><a href='https:\/\/blogs.sld.cu\/victorr\/2006\/12\/20\/hello-world\/'>Mi primer paso<\/a><\/li>\n<\/ul>\n<\/li>\n<li><h3>drupal<\/h3>\n<ul><\/ul>\n<\/li>\n<li><h3>github<\/h3>\n<ul><li><a href='https:\/\/blogs.sld.cu\/victorr\/2011\/09\/22\/fork-a-repo-httphelp-github-comfork-a-repo\/'>Fork A Repo (http:\/\/help.github.com\/fork-a-repo\/):<\/a><\/li>\n<\/ul>\n<\/li>\n<li><h3>indicadores<\/h3>\n<ul><\/ul>\n<\/li>\n<li><h3>opensource<\/h3>\n<ul><li><a href='https:\/\/blogs.sld.cu\/victorr\/2008\/09\/04\/explicando-el-numero-de-version-del-software-open-source\/'>Explicando el n\u00famero de versi\u00f3n del software Open Source.<\/a><\/li>\n<\/ul>\n<\/li>\n<li><h3>Plone<\/h3>\n<ul><li><a href='https:\/\/blogs.sld.cu\/victorr\/2006\/12\/27\/colocando-los-ficheros-en-filesystem-en-vez-de-la-base-de-zope-zodb\/'>Colocando los ficheros en Filesystem en vez de la base de Zope ZODB<\/a><\/li>\n<\/ul>\n<\/li>\n<li><h3>Portal de Infomed<\/h3>\n<ul><li><a href='https:\/\/blogs.sld.cu\/victorr\/2015\/11\/06\/informacion-de-construccion-del-portal-de-infomed-portal-de-salud-de-cuba\/'>Informaci\u00f3n de construcci\u00f3n del Portal de Infomed, Portal de Salud de Cuba<\/a><\/li>\n<li><a href='https:\/\/blogs.sld.cu\/victorr\/2013\/12\/12\/propuesta-nuevos-portal-de-infomed-no-2\/'>Propuesta No 1 del nuevo Portal de INFOMED<\/a><\/li>\n<li><a href='https:\/\/blogs.sld.cu\/victorr\/2013\/12\/12\/propuesta-no-2-del-nuevo-portal-de-infomed\/'>Propuesta No 2 del nuevo Portal de INFOMED<\/a><\/li>\n<li><a href='https:\/\/blogs.sld.cu\/victorr\/2007\/01\/04\/disponible-para-los-administradores-del-portal-de-infomed-opcion-para-cambiar-contrasena-de-usuarios\/'>Disponible para los administradores del Portal de Infomed opci\u00f3n para cambiar contrase\u00f1a de usuarios<\/a><\/li>\n<\/ul>\n<\/li>\n<li><h3>Propuesta nuevo Portal de Infomed<\/h3>\n<ul><\/ul>\n<\/li>\n<li><h3>Uncategorized<\/h3>\n<ul><li><a href='https:\/\/blogs.sld.cu\/victorr\/2012\/11\/30\/accesos-directos\/'>Accesos directos<\/a><\/li>\n<li><a href='https:\/\/blogs.sld.cu\/victorr\/2009\/05\/28\/sistema-de-tickets-reporte-de-incidencias\/'>Sistema de Tickets (Reporte de Incidencias).<\/a><\/li>\n<li><a href='https:\/\/blogs.sld.cu\/victorr\/2008\/03\/24\/una-evidencia-mas-del-bloqueo-contra-cuba-en-la-internet\/'>Una evidencia m\u00e1s del bloqueo contra Cuba en la internet.<\/a><\/li>\n<li><a href='https:\/\/blogs.sld.cu\/victorr\/2007\/08\/02\/disponible-caja-blog-en-el-portal-de-infomed\/'>Disponible Caja Blog en el Portal de Infomed<\/a><\/li>\n<\/ul>\n<\/li>\n<\/ul><\/div><!-- end .html-sitemap -->\n\n","protected":false},"excerpt":{"rendered":"","protected":false},"author":105,"featured_media":0,"parent":0,"menu_order":0,"comment_status":"closed","ping_status":"closed","template":"","meta":[],"_links":{"self":[{"href":"https:\/\/blogs.sld.cu\/victorr\/wp-json\/wp\/v2\/pages\/4"}],"collection":[{"href":"https:\/\/blogs.sld.cu\/victorr\/wp-json\/wp\/v2\/pages"}],"about":[{"href":"https:\/\/blogs.sld.cu\/victorr\/wp-json\/wp\/v2\/types\/page"}],"author":[{"embeddable":true,"href":"https:\/\/blogs.sld.cu\/victorr\/wp-json\/wp\/v2\/users\/105"}],"replies":[{"embeddable":true,"href":"https:\/\/blogs.sld.cu\/victorr\/wp-json\/wp\/v2\/comments?post=4"}],"version-history":[{"count":1,"href":"https:\/\/blogs.sld.cu\/victorr\/wp-json\/wp\/v2\/pages\/4\/revisions"}],"predecessor-version":[{"id":9,"href":"https:\/\/blogs.sld.cu\/victorr\/wp-json\/wp\/v2\/pages\/4\/revisions\/9"}],"wp:attachment":[{"href":"https:\/\/blogs.sld.cu\/victorr\/wp-json\/wp\/v2\/media?parent=4"}],"curies":[{"name":"wp","href":"https:\/\/api.w.org\/{rel}","templated":true}]}}