{"id":262,"date":"2007-03-13T11:54:46","date_gmt":"2007-03-13T15:54:46","guid":{"rendered":"http:\/\/blogs.sld.cu\/violeta\/acerca-de\/"},"modified":"2007-03-13T11:54:46","modified_gmt":"2007-03-13T15:54:46","slug":"acerca-de","status":"publish","type":"page","link":"https:\/\/blogs.sld.cu\/violeta\/acerca-de\/","title":{"rendered":"Informaci\u00f3n del inicio"},"content":{"rendered":"<p class=\"entry_body\">\n<ul>\n<li><strong>C\u00f3mo empezamos en el Blogs: <\/strong>Ya creado el blog, conociendo su direcci\u00f3n debe <a title=\"Logueate\" href=\"http:\/\/promociondeeventos.sld.cu\/wp-login.php\" target=\"_blank\">identificarse<\/a> e ingresar el contenido q Ud entienda necesario para su uso.<\/li>\n<li><strong>Qui\u00e9nes pueden usarlo<\/strong>: Las instituciones y personal de la    red Infomed que necesiten anunciar sus eventos y actividades cient\u00edficas.<\/li>\n<\/ul>\n","protected":false},"excerpt":{"rendered":"<p>C\u00f3mo empezamos en el Blogs: Ya creado el blog, conociendo su direcci\u00f3n debe identificarse e ingresar el contenido q Ud entienda necesario para su uso. Qui\u00e9nes pueden usarlo: Las instituciones y personal de la red Infomed que necesiten anunciar sus eventos y actividades cient\u00edficas.<\/p>\n","protected":false},"author":112,"featured_media":0,"parent":0,"menu_order":0,"comment_status":"open","ping_status":"open","template":"","meta":[],"_links":{"self":[{"href":"https:\/\/blogs.sld.cu\/violeta\/wp-json\/wp\/v2\/pages\/262"}],"collection":[{"href":"https:\/\/blogs.sld.cu\/violeta\/wp-json\/wp\/v2\/pages"}],"about":[{"href":"https:\/\/blogs.sld.cu\/violeta\/wp-json\/wp\/v2\/types\/page"}],"author":[{"embeddable":true,"href":"https:\/\/blogs.sld.cu\/violeta\/wp-json\/wp\/v2\/users\/112"}],"replies":[{"embeddable":true,"href":"https:\/\/blogs.sld.cu\/violeta\/wp-json\/wp\/v2\/comments?post=262"}],"version-history":[{"count":0,"href":"https:\/\/blogs.sld.cu\/violeta\/wp-json\/wp\/v2\/pages\/262\/revisions"}],"wp:attachment":[{"href":"https:\/\/blogs.sld.cu\/violeta\/wp-json\/wp\/v2\/media?parent=262"}],"curies":[{"name":"wp","href":"https:\/\/api.w.org\/{rel}","templated":true}]}}